Last updated on 2025-02-21 02:52:18 CET.
Flavor | Version | Tinstall | Tcheck | Ttotal | Status | Flags |
---|---|---|---|---|---|---|
r-devel-linux-x86_64-debian-clang | 1.1.3 | 3080.46 | 68.29 | 3148.75 | OK | |
r-devel-linux-x86_64-debian-gcc | 1.1.3 | 1104.60 | 47.42 | 1152.02 | OK | |
r-devel-linux-x86_64-fedora-clang | 1.1.3 | 6611.81 | OK | |||
r-devel-linux-x86_64-fedora-gcc | 1.1.3 | 2497.56 | OK | |||
r-devel-macos-arm64 | 1.1.3 | 724.00 | OK | |||
r-devel-macos-x86_64 | 1.1.3 | 1618.00 | OK | |||
r-patched-linux-x86_64 | 1.1.3 | 1393.67 | 65.01 | 1458.68 | OK | |
r-release-linux-x86_64 | 1.1.3 | 1395.73 | 63.92 | 1459.65 | OK | |
r-release-macos-arm64 | 1.1.3 | 610.00 | NOTE | |||
r-release-macos-x86_64 | 1.1.3 | 1141.00 | NOTE | |||
r-oldrel-macos-arm64 | 1.1.3 | 747.00 | NOTE | |||
r-oldrel-macos-x86_64 | 1.1.3 | 1268.00 | NOTE |
Version: 1.1.3
Check: installed package size
Result: NOTE
installed size is 5.6Mb
sub-directories of 1Mb or more:
libs 5.0Mb
Flavors: r-release-macos-arm64, r-release-macos-x86_64, r-oldrel-macos-arm64, r-oldrel-macos-x86_64