Last updated on 2025-02-18 02:50:43 CET.
Flavor | Version | Tinstall | Tcheck | Ttotal | Status | Flags |
---|---|---|---|---|---|---|
r-devel-linux-x86_64-debian-clang | 0.1.2 | 6.75 | 94.36 | 101.11 | NOTE | |
r-devel-linux-x86_64-debian-gcc | 0.1.2 | 5.08 | 69.30 | 74.38 | NOTE | |
r-devel-linux-x86_64-fedora-clang | 0.1.2 | 162.59 | NOTE | |||
r-devel-linux-x86_64-fedora-gcc | 0.1.2 | 178.77 | NOTE | |||
r-devel-macos-arm64 | 0.1.2 | 63.00 | NOTE | |||
r-devel-macos-x86_64 | 0.1.2 | 124.00 | NOTE | |||
r-devel-windows-x86_64 | 0.1.2 | 8.00 | 108.00 | 116.00 | NOTE | |
r-patched-linux-x86_64 | 0.1.2 | 5.68 | 97.50 | 103.18 | NOTE | |
r-release-linux-x86_64 | 0.1.2 | 5.93 | 97.07 | 103.00 | NOTE | |
r-release-macos-arm64 | 0.1.2 | 63.00 | NOTE | |||
r-release-macos-x86_64 | 0.1.2 | 85.00 | NOTE | |||
r-release-windows-x86_64 | 0.1.2 | 7.00 | 114.00 | 121.00 | NOTE | |
r-oldrel-macos-arm64 | 0.1.2 | 55.00 | OK | |||
r-oldrel-macos-x86_64 | 0.1.2 | 116.00 | OK | |||
r-oldrel-windows-x86_64 | 0.1.2 | 10.00 | 156.00 | 166.00 | OK |
Version: 0.1.2
Check: Rd files
Result: NOTE
checkRd: (-1) data_binary.Rd:10: Lost braces; missing escapes or markup?
10 | log E(Y_{t+1} | A_t = 0, I_t = 1) = alpha_0 + alpha_1 * time / total_T
| ^
Flavors: r-devel-linux-x86_64-debian-clang, r-devel-linux-x86_64-debian-gcc, r-devel-linux-x86_64-fedora-clang, r-devel-linux-x86_64-fedora-gcc, r-devel-macos-arm64, r-devel-macos-x86_64, r-devel-windows-x86_64, r-patched-linux-x86_64, r-release-linux-x86_64, r-release-macos-arm64, r-release-macos-x86_64, r-release-windows-x86_64