Last updated on 2025-02-21 02:52:18 CET.
Flavor | Version | Tinstall | Tcheck | Ttotal | Status | Flags |
---|---|---|---|---|---|---|
r-devel-linux-x86_64-debian-clang | 0.8 | 2.19 | 36.62 | 38.81 | NOTE | |
r-devel-linux-x86_64-debian-gcc | 0.8 | 1.58 | 28.50 | 30.08 | NOTE | |
r-devel-linux-x86_64-fedora-clang | 0.8 | 60.52 | OK | |||
r-devel-linux-x86_64-fedora-gcc | 0.8 | 55.20 | OK | |||
r-devel-macos-arm64 | 0.8 | 28.00 | OK | |||
r-devel-macos-x86_64 | 0.8 | 59.00 | OK | |||
r-devel-windows-x86_64 | 0.8 | 5.00 | 67.00 | 72.00 | OK | |
r-patched-linux-x86_64 | 0.8 | 2.49 | 34.42 | 36.91 | OK | |
r-release-linux-x86_64 | 0.8 | 2.06 | 33.91 | 35.97 | OK | |
r-release-macos-arm64 | 0.8 | 24.00 | OK | |||
r-release-macos-x86_64 | 0.8 | 42.00 | OK | |||
r-release-windows-x86_64 | 0.8 | 4.00 | 65.00 | 69.00 | OK | |
r-oldrel-macos-arm64 | 0.8 | 26.00 | OK | |||
r-oldrel-macos-x86_64 | 0.8 | 36.00 | OK | |||
r-oldrel-windows-x86_64 | 0.8 | 5.00 | 94.00 | 99.00 | OK |
Version: 0.8
Check: for unstated dependencies in ‘demo’
Result: NOTE
'data(package=)' call not declared from: ‘MASS’
Flavors: r-devel-linux-x86_64-debian-clang, r-devel-linux-x86_64-debian-gcc