Last updated on 2025-02-21 02:52:18 CET.
Flavor | Version | Tinstall | Tcheck | Ttotal | Status | Flags |
---|---|---|---|---|---|---|
r-devel-linux-x86_64-debian-clang | 0.1.3 | 120.85 | 78.80 | 199.65 | OK | |
r-devel-linux-x86_64-debian-gcc | 0.1.3 | 88.55 | 50.19 | 138.74 | OK | |
r-devel-linux-x86_64-fedora-clang | 0.1.3 | 327.33 | OK | |||
r-devel-linux-x86_64-fedora-gcc | 0.1.3 | 351.79 | OK | |||
r-devel-macos-arm64 | 0.1.3 | 71.00 | OK | |||
r-devel-macos-x86_64 | 0.1.3 | 125.00 | OK | |||
r-devel-windows-x86_64 | 0.1.3 | 110.00 | 135.00 | 245.00 | OK | |
r-patched-linux-x86_64 | 0.1.3 | 136.70 | 68.36 | 205.06 | OK | |
r-release-linux-x86_64 | 0.1.3 | 125.60 | 67.87 | 193.47 | OK | |
r-release-macos-arm64 | 0.1.3 | 74.00 | NOTE | |||
r-release-macos-x86_64 | 0.1.3 | 133.00 | NOTE | |||
r-release-windows-x86_64 | 0.1.3 | 115.00 | 137.00 | 252.00 | OK | |
r-oldrel-macos-arm64 | 0.1.3 | 76.00 | NOTE | |||
r-oldrel-macos-x86_64 | 0.1.3 | 137.00 | NOTE | |||
r-oldrel-windows-x86_64 | 0.1.3 | 142.00 | 183.00 | 325.00 | OK |
Version: 0.1.3
Check: installed package size
Result: NOTE
installed size is 18.1Mb
sub-directories of 1Mb or more:
libs 17.0Mb
Flavors: r-release-macos-arm64, r-release-macos-x86_64, r-oldrel-macos-arm64, r-oldrel-macos-x86_64