Last updated on 2025-02-21 02:52:18 CET.
Flavor | Version | Tinstall | Tcheck | Ttotal | Status | Flags |
---|---|---|---|---|---|---|
r-devel-linux-x86_64-debian-clang | 1.0.2 | 35.31 | 130.82 | 166.13 | NOTE | |
r-devel-linux-x86_64-debian-gcc | 1.0.2 | 19.41 | 88.55 | 107.96 | NOTE | |
r-devel-linux-x86_64-fedora-clang | 1.0.2 | 283.30 | OK | |||
r-devel-linux-x86_64-fedora-gcc | 1.0.2 | 276.72 | OK | |||
r-devel-macos-arm64 | 1.0.2 | 75.00 | OK | |||
r-devel-macos-x86_64 | 1.0.2 | 143.00 | OK | |||
r-devel-windows-x86_64 | 1.0.2 | 35.00 | 142.00 | 177.00 | NOTE | |
r-patched-linux-x86_64 | 1.0.2 | 38.57 | 117.60 | 156.17 | OK | |
r-release-linux-x86_64 | 1.0.2 | 32.37 | 117.69 | 150.06 | OK | |
r-release-macos-arm64 | 1.0.2 | 56.00 | OK | |||
r-release-macos-x86_64 | 1.0.2 | 106.00 | OK | |||
r-release-windows-x86_64 | 1.0.2 | 35.00 | 142.00 | 177.00 | OK | |
r-oldrel-macos-arm64 | 1.0.2 | 64.00 | OK | |||
r-oldrel-macos-x86_64 | 1.0.2 | 129.00 | OK | |||
r-oldrel-windows-x86_64 | 1.0.2 | 55.00 | 170.00 | 225.00 | OK |
Version: 1.0.2
Check: Rd cross-references
Result: NOTE
Found the following Rd file(s) with Rd \link{} targets missing package
anchors:
spear_dist.Rd: compute_rank_distance
Please provide package anchors for all Rd \link{} targets not in the
package itself and the base packages.
Flavors: r-devel-linux-x86_64-debian-clang, r-devel-linux-x86_64-debian-gcc, r-devel-windows-x86_64