Last updated on 2025-02-21 02:52:18 CET.
Flavor | Version | Tinstall | Tcheck | Ttotal | Status | Flags |
---|---|---|---|---|---|---|
r-devel-linux-x86_64-debian-clang | 1.2.1 | 46.57 | 152.88 | 199.45 | OK | |
r-devel-linux-x86_64-debian-gcc | 1.2.1 | 29.99 | 100.31 | 130.30 | OK | |
r-devel-linux-x86_64-fedora-clang | 1.2.1 | 334.48 | OK | |||
r-devel-linux-x86_64-fedora-gcc | 1.2.1 | 312.87 | OK | |||
r-devel-macos-arm64 | 1.2.1 | 83.00 | OK | |||
r-devel-macos-x86_64 | 1.2.1 | 188.00 | OK | |||
r-devel-windows-x86_64 | 1.2.1 | 50.00 | 181.00 | 231.00 | OK | |
r-patched-linux-x86_64 | 1.2.1 | 46.55 | 141.69 | 188.24 | OK | |
r-release-linux-x86_64 | 1.2.1 | 45.72 | 142.96 | 188.68 | OK | |
r-release-macos-arm64 | 1.2.1 | 79.00 | NOTE | |||
r-release-macos-x86_64 | 1.2.1 | 167.00 | NOTE | |||
r-release-windows-x86_64 | 1.2.1 | 53.00 | 175.00 | 228.00 | OK | |
r-oldrel-macos-arm64 | 1.2.1 | 90.00 | OK | |||
r-oldrel-macos-x86_64 | 1.2.1 | 148.00 | OK | |||
r-oldrel-windows-x86_64 | 1.2.1 | 63.00 | 206.00 | 269.00 | OK |
Version: 1.2.1
Check: installed package size
Result: NOTE
installed size is 5.2Mb
sub-directories of 1Mb or more:
libs 4.3Mb
Flavors: r-release-macos-arm64, r-release-macos-x86_64