Last updated on 2025-02-18 02:50:43 CET.
Flavor | Version | Tinstall | Tcheck | Ttotal | Status | Flags |
---|---|---|---|---|---|---|
r-devel-linux-x86_64-debian-clang | 0.3.2 | 2.42 | 24.46 | 26.88 | OK | |
r-devel-linux-x86_64-debian-gcc | 0.3.2 | 2.17 | 19.02 | 21.19 | OK | |
r-devel-linux-x86_64-fedora-clang | 0.3.2 | 44.96 | OK | |||
r-devel-linux-x86_64-fedora-gcc | 0.3.2 | 41.71 | OK | |||
r-devel-macos-arm64 | 0.3.2 | 16.00 | OK | |||
r-devel-macos-x86_64 | 0.3.2 | 37.00 | OK | |||
r-devel-windows-x86_64 | 0.3.2 | 5.00 | 50.00 | 55.00 | OK | |
r-patched-linux-x86_64 | 0.3.2 | 2.68 | 23.17 | 25.85 | NOTE | |
r-release-linux-x86_64 | 0.3.2 | 2.59 | 23.20 | 25.79 | NOTE | |
r-release-macos-arm64 | 0.3.2 | 16.00 | NOTE | |||
r-release-macos-x86_64 | 0.3.2 | 25.00 | NOTE | |||
r-release-windows-x86_64 | 0.3.2 | 5.00 | 47.00 | 52.00 | NOTE | |
r-oldrel-macos-arm64 | 0.3.2 | 16.00 | NOTE | |||
r-oldrel-macos-x86_64 | 0.3.2 | 25.00 | NOTE | |||
r-oldrel-windows-x86_64 | 0.3.2 | 3.00 | 47.00 | 50.00 | NOTE |
Version: 0.3.2
Check: LazyData
Result: NOTE
'LazyData' is specified without a 'data' directory
Flavors: r-patched-linux-x86_64, r-release-linux-x86_64, r-release-macos-arm64, r-release-macos-x86_64, r-release-windows-x86_64, r-oldrel-macos-arm64, r-oldrel-macos-x86_64, r-oldrel-windows-x86_64