Last updated on 2025-02-21 02:52:15 CET.
Flavor | Version | Tinstall | Tcheck | Ttotal | Status | Flags |
---|---|---|---|---|---|---|
r-devel-linux-x86_64-debian-clang | 0.1.0 | 16.70 | 118.81 | 135.51 | OK | |
r-devel-linux-x86_64-debian-gcc | 0.1.0 | 12.90 | 87.46 | 100.36 | OK | |
r-devel-linux-x86_64-fedora-clang | 0.1.0 | 236.96 | NOTE | |||
r-devel-linux-x86_64-fedora-gcc | 0.1.0 | 224.98 | NOTE | |||
r-devel-macos-arm64 | 0.1.0 | 62.00 | OK | |||
r-devel-macos-x86_64 | 0.1.0 | 103.00 | OK | |||
r-devel-windows-x86_64 | 0.1.0 | 17.00 | 117.00 | 134.00 | OK | |
r-patched-linux-x86_64 | 0.1.0 | 17.12 | 113.28 | 130.40 | OK | |
r-release-linux-x86_64 | 0.1.0 | 15.14 | 111.47 | 126.61 | OK | |
r-release-macos-arm64 | 0.1.0 | 59.00 | OK | |||
r-release-macos-x86_64 | 0.1.0 | 91.00 | OK | |||
r-release-windows-x86_64 | 0.1.0 | 16.00 | 111.00 | 127.00 | OK | |
r-oldrel-macos-arm64 | 0.1.0 | 66.00 | OK | |||
r-oldrel-macos-x86_64 | 0.1.0 | 125.00 | OK | |||
r-oldrel-windows-x86_64 | 0.1.0 | 21.00 | 130.00 | 151.00 | OK |
Version: 0.1.0
Check: dependencies in R code
Result: NOTE
Namespaces in Imports field not imported from:
‘shinythemes’ ‘topicmodels’
All declared Imports should be used.
Flavors: r-devel-linux-x86_64-fedora-clang, r-devel-linux-x86_64-fedora-gcc