Last updated on 2025-02-20 14:50:57 CET.
Flavor | Version | Tinstall | Tcheck | Ttotal | Status | Flags |
---|---|---|---|---|---|---|
r-devel-linux-x86_64-debian-clang | 1.0.1 | 163.03 | 24.87 | 187.90 | OK | |
r-devel-linux-x86_64-debian-gcc | 1.0.1 | 120.27 | 19.45 | 139.72 | OK | |
r-devel-linux-x86_64-fedora-clang | 1.0.1 | 504.75 | OK | |||
r-devel-linux-x86_64-fedora-gcc | 1.0.1 | 356.75 | OK | |||
r-devel-macos-arm64 | 1.0.1 | 78.00 | OK | |||
r-devel-macos-x86_64 | 1.0.1 | 84.00 | OK | |||
r-devel-windows-x86_64 | 1.0.1 | 396.00 | 82.00 | 478.00 | OK | |
r-patched-linux-x86_64 | 1.0.1 | 160.67 | 23.62 | 184.29 | OK | |
r-release-linux-x86_64 | 1.0.1 | 166.08 | 23.39 | 189.47 | OK | |
r-release-macos-arm64 | 1.0.1 | 79.00 | NOTE | |||
r-release-macos-x86_64 | 1.0.1 | 66.00 | NOTE | |||
r-release-windows-x86_64 | 1.0.1 | 394.00 | 72.00 | 466.00 | OK | |
r-oldrel-macos-arm64 | 1.0.1 | 94.00 | NOTE | |||
r-oldrel-macos-x86_64 | 1.0.1 | 171.00 | NOTE | |||
r-oldrel-windows-x86_64 | 1.0.1 | 441.00 | 98.00 | 539.00 | OK |
Version: 1.0.1
Check: installed package size
Result: NOTE
installed size is 10.1Mb
sub-directories of 1Mb or more:
libs 9.8Mb
Flavors: r-release-macos-arm64, r-release-macos-x86_64, r-oldrel-macos-arm64, r-oldrel-macos-x86_64