CRAN Package Check Results for Package Massign

Last updated on 2025-02-21 02:52:15 CET.

Flavor Version Tinstall Tcheck Ttotal Status Flags
r-devel-linux-x86_64-debian-clang 1.1.0 1.30 17.17 18.47 OK
r-devel-linux-x86_64-debian-gcc 1.1.0 1.14 13.92 15.06 OK
r-devel-linux-x86_64-fedora-clang 1.1.0 29.89 OK
r-devel-linux-x86_64-fedora-gcc 1.1.0 28.37 OK
r-devel-macos-arm64 1.1.0 15.00 OK
r-devel-macos-x86_64 1.1.0 22.00 OK
r-devel-windows-x86_64 1.1.0 3.00 39.00 42.00 OK
r-patched-linux-x86_64 1.1.0 1.65 16.32 17.97 NOTE
r-release-linux-x86_64 1.1.0 1.49 16.33 17.82 NOTE
r-release-macos-arm64 1.1.0 14.00 NOTE
r-release-macos-x86_64 1.1.0 20.00 NOTE
r-release-windows-x86_64 1.1.0 2.00 38.00 40.00 NOTE
r-oldrel-macos-arm64 1.1.0 15.00 NOTE
r-oldrel-macos-x86_64 1.1.0 20.00 NOTE
r-oldrel-windows-x86_64 1.1.0 2.00 38.00 40.00 NOTE

Check Details

Version: 1.1.0
Check: LazyData
Result: NOTE 'LazyData' is specified without a 'data' directory Flavors: r-patched-linux-x86_64, r-release-linux-x86_64, r-release-macos-arm64, r-release-macos-x86_64, r-release-windows-x86_64, r-oldrel-macos-arm64, r-oldrel-macos-x86_64, r-oldrel-windows-x86_64