Last updated on 2025-02-21 02:52:18 CET.
Flavor | Version | Tinstall | Tcheck | Ttotal | Status | Flags |
---|---|---|---|---|---|---|
r-devel-linux-x86_64-debian-clang | 0.10.0 | 62.43 | 300.78 | 363.21 | OK | |
r-devel-linux-x86_64-debian-gcc | 0.10.0 | 38.75 | 182.44 | 221.19 | OK | |
r-devel-linux-x86_64-fedora-clang | 0.10.0 | 604.38 | OK | |||
r-devel-linux-x86_64-fedora-gcc | 0.10.0 | 574.53 | OK | |||
r-devel-macos-arm64 | 0.10.0 | 151.00 | OK | |||
r-devel-macos-x86_64 | 0.10.0 | 314.00 | OK | |||
r-devel-windows-x86_64 | 0.10.0 | 59.00 | 284.00 | 343.00 | OK | |
r-patched-linux-x86_64 | 0.10.0 | 62.65 | 274.23 | 336.88 | OK | |
r-release-linux-x86_64 | 0.10.0 | 58.36 | 274.52 | 332.88 | OK | |
r-release-macos-arm64 | 0.10.0 | 149.00 | NOTE | |||
r-release-macos-x86_64 | 0.10.0 | 297.00 | NOTE | |||
r-release-windows-x86_64 | 0.10.0 | 62.00 | 283.00 | 345.00 | OK | |
r-oldrel-macos-arm64 | 0.10.0 | 164.00 | NOTE | |||
r-oldrel-macos-x86_64 | 0.10.0 | 349.00 | NOTE | |||
r-oldrel-windows-x86_64 | 0.10.0 | 77.00 | 380.00 | 457.00 | OK |
Version: 0.10.0
Check: installed package size
Result: NOTE
installed size is 5.2Mb
sub-directories of 1Mb or more:
libs 3.6Mb
Flavors: r-release-macos-arm64, r-release-macos-x86_64, r-oldrel-macos-arm64, r-oldrel-macos-x86_64