Last updated on 2025-02-21 02:52:18 CET.
Flavor | Version | Tinstall | Tcheck | Ttotal | Status | Flags |
---|---|---|---|---|---|---|
r-devel-linux-x86_64-debian-clang | 1.2.0 | 8.44 | 78.33 | 86.77 | NOTE | |
r-devel-linux-x86_64-debian-gcc | 1.2.0 | 6.32 | 54.92 | 61.24 | NOTE | |
r-devel-linux-x86_64-fedora-clang | 1.2.0 | 144.36 | NOTE | |||
r-devel-linux-x86_64-fedora-gcc | 1.2.0 | 148.38 | NOTE | |||
r-devel-macos-arm64 | 1.2.0 | 47.00 | OK | |||
r-devel-macos-x86_64 | 1.2.0 | 84.00 | OK | |||
r-devel-windows-x86_64 | 1.2.0 | 9.00 | 82.00 | 91.00 | OK | |
r-patched-linux-x86_64 | 1.2.0 | 8.08 | 74.22 | 82.30 | NOTE | |
r-release-linux-x86_64 | 1.2.0 | 8.79 | 73.82 | 82.61 | NOTE | |
r-release-macos-arm64 | 1.2.0 | 44.00 | OK | |||
r-release-macos-x86_64 | 1.2.0 | 70.00 | OK | |||
r-release-windows-x86_64 | 1.2.0 | 10.00 | 83.00 | 93.00 | OK | |
r-oldrel-macos-arm64 | 1.2.0 | 48.00 | OK | |||
r-oldrel-macos-x86_64 | 1.2.0 | 79.00 | OK | |||
r-oldrel-windows-x86_64 | 1.2.0 | 11.00 | 105.00 | 116.00 | OK |
Version: 1.2.0
Check: for non-standard things in the check directory
Result: NOTE
Found the following files/directories:
‘cycHumanBloodData.csv’ ‘cycHumanBloodDesign.csv’
‘cycMouseLiverProtein.txt’ ‘cycMouseLiverRNA.csv’ ‘cycSimu4h2d.csv’
‘cycYeastCycle.csv’ ‘example’
Flavors: r-devel-linux-x86_64-debian-clang, r-devel-linux-x86_64-debian-gcc, r-devel-linux-x86_64-fedora-clang, r-devel-linux-x86_64-fedora-gcc, r-patched-linux-x86_64, r-release-linux-x86_64