Last updated on 2025-02-21 02:52:18 CET.
Flavor | Version | Tinstall | Tcheck | Ttotal | Status | Flags |
---|---|---|---|---|---|---|
r-devel-linux-x86_64-debian-clang | 1.1.2 | 14.78 | 136.77 | 151.55 | NOTE | |
r-devel-linux-x86_64-debian-gcc | 1.1.2 | 10.67 | 94.20 | 104.87 | NOTE | |
r-devel-linux-x86_64-fedora-clang | 1.1.2 | 247.57 | NOTE | |||
r-devel-linux-x86_64-fedora-gcc | 1.1.2 | 245.51 | NOTE | |||
r-devel-macos-arm64 | 1.1.2 | 73.00 | NOTE | |||
r-devel-macos-x86_64 | 1.1.2 | 130.00 | NOTE | |||
r-devel-windows-x86_64 | 1.1.2 | 18.00 | 144.00 | 162.00 | NOTE | |
r-patched-linux-x86_64 | 1.1.2 | 14.00 | 128.69 | 142.69 | NOTE | |
r-release-linux-x86_64 | 1.1.2 | 14.86 | 126.30 | 141.16 | NOTE | |
r-release-macos-arm64 | 1.1.2 | 70.00 | NOTE | |||
r-release-macos-x86_64 | 1.1.2 | 101.00 | NOTE | |||
r-release-windows-x86_64 | 1.1.2 | 19.00 | 147.00 | 166.00 | NOTE | |
r-oldrel-macos-arm64 | 1.1.2 | 79.00 | OK | |||
r-oldrel-macos-x86_64 | 1.1.2 | 120.00 | OK | |||
r-oldrel-windows-x86_64 | 1.1.2 | 23.00 | 211.00 | 234.00 | OK |
Version: 1.1.2
Check: Rd files
Result: NOTE
checkRd: (-1) CVLasoelacox.Rd:68-69: Lost braces in \itemize; \value handles \item{}{} directly
checkRd: (-1) CVLasoelacox.Rd:70-71: Lost braces in \itemize; \value handles \item{}{} directly
checkRd: (-1) CVLasoelacox.Rd:72: Lost braces in \itemize; \value handles \item{}{} directly
checkRd: (-1) CVLasoelacox.Rd:73: Lost braces in \itemize; \value handles \item{}{} directly
checkRd: (-1) CVLasoelacox.Rd:74-76: Lost braces in \itemize; \value handles \item{}{} directly
checkRd: (-1) CVLasoelacox.Rd:77-79: Lost braces in \itemize; \value handles \item{}{} directly
checkRd: (-1) CVLasoelacox.Rd:80-81: Lost braces in \itemize; \value handles \item{}{} directly
checkRd: (-1) CVLasoelacox.Rd:82-85: Lost braces in \itemize; \value handles \item{}{} directly
checkRd: (-1) CVLasoelacox.Rd:86-87: Lost braces in \itemize; \value handles \item{}{} directly
Flavors: r-devel-linux-x86_64-debian-clang, r-devel-linux-x86_64-debian-gcc, r-devel-linux-x86_64-fedora-clang, r-devel-linux-x86_64-fedora-gcc, r-devel-macos-arm64, r-devel-macos-x86_64, r-devel-windows-x86_64, r-patched-linux-x86_64, r-release-linux-x86_64, r-release-macos-arm64, r-release-macos-x86_64, r-release-windows-x86_64