Last updated on 2025-02-21 02:52:18 CET.
Flavor | Version | Tinstall | Tcheck | Ttotal | Status | Flags |
---|---|---|---|---|---|---|
r-devel-linux-x86_64-debian-clang | 1.0.0 | 74.88 | 122.17 | 197.05 | OK | |
r-devel-linux-x86_64-debian-gcc | 1.0.0 | 62.63 | 81.93 | 144.56 | OK | |
r-devel-linux-x86_64-fedora-clang | 1.0.0 | 314.31 | OK | |||
r-devel-linux-x86_64-fedora-gcc | 1.0.0 | 337.09 | OK | |||
r-devel-macos-arm64 | 1.0.0 | 90.00 | OK | |||
r-devel-macos-x86_64 | 1.0.0 | 174.00 | OK | |||
r-devel-windows-x86_64 | 1.0.0 | 67.00 | 147.00 | 214.00 | OK | |
r-patched-linux-x86_64 | 1.0.0 | 78.90 | 117.03 | 195.93 | OK | |
r-release-linux-x86_64 | 1.0.0 | 74.42 | 118.53 | 192.95 | OK | |
r-release-macos-arm64 | 1.0.0 | 82.00 | NOTE | |||
r-release-macos-x86_64 | 1.0.0 | 153.00 | NOTE | |||
r-release-windows-x86_64 | 1.0.0 | 66.00 | 152.00 | 218.00 | OK | |
r-oldrel-macos-arm64 | 1.0.0 | 87.00 | NOTE | |||
r-oldrel-macos-x86_64 | 1.0.0 | 158.00 | NOTE | |||
r-oldrel-windows-x86_64 | 1.0.0 | 90.00 | 204.00 | 294.00 | OK |
Version: 1.0.0
Check: installed package size
Result: NOTE
installed size is 41.3Mb
sub-directories of 1Mb or more:
libs 41.0Mb
Flavors: r-release-macos-arm64, r-release-macos-x86_64, r-oldrel-macos-arm64, r-oldrel-macos-x86_64