Last updated on 2025-02-21 02:52:18 CET.
Flavor | Version | Tinstall | Tcheck | Ttotal | Status | Flags |
---|---|---|---|---|---|---|
r-devel-linux-x86_64-debian-clang | 3.1.12 | 7.47 | 85.91 | 93.38 | OK | |
r-devel-linux-x86_64-debian-gcc | 3.1.12 | 4.56 | 58.05 | 62.61 | OK | |
r-devel-linux-x86_64-fedora-clang | 3.1.12 | 154.31 | OK | |||
r-devel-linux-x86_64-fedora-gcc | 3.1.12 | 216.94 | OK | |||
r-devel-macos-arm64 | 3.1.12 | 84.00 | OK | |||
r-devel-macos-x86_64 | 3.1.12 | 163.00 | OK | |||
r-devel-windows-x86_64 | 3.1.12 | 8.00 | 102.00 | 110.00 | OK | |
r-patched-linux-x86_64 | 3.1.12 | 5.57 | 78.43 | 84.00 | NOTE | |
r-release-linux-x86_64 | 3.1.12 | 5.96 | 78.92 | 84.88 | NOTE | |
r-release-macos-arm64 | 3.1.12 | 63.00 | NOTE | |||
r-release-macos-x86_64 | 3.1.12 | 97.00 | NOTE | |||
r-release-windows-x86_64 | 3.1.12 | 8.00 | 102.00 | 110.00 | NOTE | |
r-oldrel-macos-arm64 | 3.1.12 | 70.00 | NOTE | |||
r-oldrel-macos-x86_64 | 3.1.12 | 90.00 | NOTE | |||
r-oldrel-windows-x86_64 | 3.1.12 | 10.00 | 111.00 | 121.00 | NOTE |
Version: 3.1.12
Check: LazyData
Result: NOTE
'LazyData' is specified without a 'data' directory
Flavors: r-patched-linux-x86_64, r-release-linux-x86_64, r-release-macos-arm64, r-release-macos-x86_64, r-release-windows-x86_64, r-oldrel-macos-arm64, r-oldrel-macos-x86_64, r-oldrel-windows-x86_64