Last updated on 2025-02-20 14:51:00 CET.
Flavor | Version | Tinstall | Tcheck | Ttotal | Status | Flags |
---|---|---|---|---|---|---|
r-devel-linux-x86_64-debian-clang | 0.1-4 | 12.32 | 91.56 | 103.88 | OK | |
r-devel-linux-x86_64-debian-gcc | 0.1-4 | 8.61 | 65.47 | 74.08 | OK | |
r-devel-linux-x86_64-fedora-clang | 0.1-4 | 169.38 | OK | |||
r-devel-linux-x86_64-fedora-gcc | 0.1-4 | 182.32 | OK | |||
r-devel-macos-arm64 | 0.1-4 | 58.00 | OK | |||
r-devel-macos-x86_64 | 0.1-4 | 124.00 | OK | |||
r-devel-windows-x86_64 | 0.1-4 | 25.00 | 134.00 | 159.00 | OK | |
r-patched-linux-x86_64 | 0.1-4 | 13.06 | 86.14 | 99.20 | OK | |
r-release-linux-x86_64 | 0.1-4 | 12.45 | 86.16 | 98.61 | OK | |
r-release-macos-arm64 | 0.1-4 | 71.00 | NOTE | |||
r-release-macos-x86_64 | 0.1-4 | 138.00 | NOTE | |||
r-release-windows-x86_64 | 0.1-4 | 25.00 | 131.00 | 156.00 | OK | |
r-oldrel-macos-arm64 | 0.1-4 | 70.00 | NOTE | |||
r-oldrel-macos-x86_64 | 0.1-4 | 180.00 | NOTE | |||
r-oldrel-windows-x86_64 | 0.1-4 | 22.00 | 149.00 | 171.00 | OK |
Version: 0.1-4
Check: package dependencies
Result: NOTE
Package which this enhances but not available for checking: ‘pbdMPI’
Flavors: r-release-macos-arm64, r-release-macos-x86_64, r-oldrel-macos-arm64, r-oldrel-macos-x86_64