Last updated on 2025-02-21 02:52:18 CET.
Flavor | Version | Tinstall | Tcheck | Ttotal | Status | Flags |
---|---|---|---|---|---|---|
r-devel-linux-x86_64-debian-clang | 2.7.0 | 7.99 | 74.29 | 82.28 | NOTE | |
r-devel-linux-x86_64-debian-gcc | 2.7.0 | 5.55 | 51.17 | 56.72 | NOTE | |
r-devel-linux-x86_64-fedora-clang | 2.7.0 | 127.80 | NOTE | |||
r-devel-linux-x86_64-fedora-gcc | 2.7.0 | 164.36 | NOTE | |||
r-devel-macos-arm64 | 2.7.0 | 67.00 | OK | |||
r-devel-macos-x86_64 | 2.7.0 | 125.00 | NOTE | |||
r-devel-windows-x86_64 | 2.7.0 | 10.00 | 90.00 | 100.00 | NOTE | |
r-patched-linux-x86_64 | 2.7.0 | 7.02 | 69.64 | 76.66 | OK | |
r-release-linux-x86_64 | 2.7.0 | 7.62 | 68.22 | 75.84 | OK | |
r-release-macos-arm64 | 2.7.0 | 56.00 | OK | |||
r-release-macos-x86_64 | 2.7.0 | 102.00 | OK | |||
r-release-windows-x86_64 | 2.7.0 | 10.00 | 90.00 | 100.00 | OK | |
r-oldrel-macos-arm64 | 2.7.0 | 60.00 | OK | |||
r-oldrel-macos-x86_64 | 2.7.0 | 92.00 | OK | |||
r-oldrel-windows-x86_64 | 2.7.0 | 13.00 | 106.00 | 119.00 | OK |
Version: 2.7.0
Check: DESCRIPTION meta-information
Result: NOTE
Missing dependency on R >= 4.1.0 because package code uses the pipe
|> or function shorthand \(...) syntax added in R 4.1.0.
File(s) using such syntax:
‘subset.R’
Flavors: r-devel-linux-x86_64-debian-clang, r-devel-linux-x86_64-debian-gcc, r-devel-linux-x86_64-fedora-clang, r-devel-linux-x86_64-fedora-gcc, r-devel-macos-x86_64, r-devel-windows-x86_64