Last updated on 2025-02-20 14:51:00 CET.
Flavor | Version | Tinstall | Tcheck | Ttotal | Status | Flags |
---|---|---|---|---|---|---|
r-devel-linux-x86_64-debian-clang | 6.1 | 53.86 | 67.17 | 121.03 | OK | |
r-devel-linux-x86_64-debian-gcc | 6.1 | 37.39 | 43.85 | 81.24 | OK | |
r-devel-linux-x86_64-fedora-clang | 6.1 | 208.52 | OK | |||
r-devel-linux-x86_64-fedora-gcc | 6.1 | 224.52 | OK | |||
r-devel-macos-arm64 | 6.1 | 48.00 | OK | |||
r-devel-macos-x86_64 | 6.1 | 141.00 | OK | |||
r-devel-windows-x86_64 | 6.1 | 51.00 | 99.00 | 150.00 | OK | |
r-patched-linux-x86_64 | 6.1 | 53.20 | 64.39 | 117.59 | OK | |
r-release-linux-x86_64 | 6.1 | 58.65 | 67.07 | 125.72 | OK | |
r-release-macos-arm64 | 6.1 | 54.00 | NOTE | |||
r-release-macos-x86_64 | 6.1 | 115.00 | NOTE | |||
r-release-windows-x86_64 | 6.1 | 52.00 | 97.00 | 149.00 | OK | |
r-oldrel-macos-arm64 | 6.1 | 51.00 | NOTE | |||
r-oldrel-macos-x86_64 | 6.1 | 106.00 | NOTE | |||
r-oldrel-windows-x86_64 | 6.1 | 67.00 | 116.00 | 183.00 | OK |
Version: 6.1
Check: installed package size
Result: NOTE
installed size is 7.1Mb
sub-directories of 1Mb or more:
libs 6.6Mb
Flavors: r-release-macos-arm64, r-release-macos-x86_64, r-oldrel-macos-arm64, r-oldrel-macos-x86_64