Last updated on 2025-02-21 02:52:18 CET.
Flavor | Version | Tinstall | Tcheck | Ttotal | Status | Flags |
---|---|---|---|---|---|---|
r-devel-linux-x86_64-debian-clang | 1.4.1 | 20.29 | 223.88 | 244.17 | NOTE | |
r-devel-linux-x86_64-debian-gcc | 1.4.1 | 15.66 | 144.55 | 160.21 | NOTE | |
r-devel-linux-x86_64-fedora-clang | 1.4.1 | 388.86 | OK | |||
r-devel-linux-x86_64-fedora-gcc | 1.4.1 | 425.22 | OK | |||
r-devel-macos-arm64 | 1.4.1 | 99.00 | OK | |||
r-devel-macos-x86_64 | 1.4.1 | 189.00 | OK | |||
r-devel-windows-x86_64 | 1.4.1 | 24.00 | 309.00 | 333.00 | NOTE | |
r-patched-linux-x86_64 | 1.4.1 | 38.10 | 211.00 | 249.10 | OK | |
r-release-linux-x86_64 | 1.4.1 | 20.12 | 206.56 | 226.68 | OK | |
r-release-macos-arm64 | 1.4.1 | 105.00 | OK | |||
r-release-macos-x86_64 | 1.4.1 | 181.00 | OK | |||
r-release-windows-x86_64 | 1.4.1 | 27.00 | 295.00 | 322.00 | OK | |
r-oldrel-macos-arm64 | 1.4.1 | 92.00 | OK | |||
r-oldrel-macos-x86_64 | 1.4.1 | 199.00 | OK | |||
r-oldrel-windows-x86_64 | 1.4.1 | 34.00 | 356.00 | 390.00 | OK |
Version: 1.4.1
Check: Rd cross-references
Result: NOTE
Found the following Rd file(s) with Rd \link{} targets missing package
anchors:
LDA.Rd: lda
img_plot.Rd: readJPEG
ldk_contour.Rd: kde2d
links_delaunay.Rd: delaunayn
plot.LDA.Rd: kde2d
plot.PCA.Rd: kde2d
reLDA.Rd: predict.lda
Please provide package anchors for all Rd \link{} targets not in the
package itself and the base packages.
Flavors: r-devel-linux-x86_64-debian-clang, r-devel-linux-x86_64-debian-gcc, r-devel-windows-x86_64