Last updated on 2025-02-21 02:52:18 CET.
Flavor | Version | Tinstall | Tcheck | Ttotal | Status | Flags |
---|---|---|---|---|---|---|
r-devel-linux-x86_64-debian-clang | 1.0.2 | 12.46 | 145.24 | 157.70 | NOTE | |
r-devel-linux-x86_64-debian-gcc | 1.0.2 | 8.77 | 103.37 | 112.14 | NOTE | |
r-devel-linux-x86_64-fedora-clang | 1.0.2 | 241.89 | OK | |||
r-devel-linux-x86_64-fedora-gcc | 1.0.2 | 253.48 | OK | |||
r-devel-macos-arm64 | 1.0.2 | 72.00 | OK | |||
r-devel-macos-x86_64 | 1.0.2 | 140.00 | OK | |||
r-devel-windows-x86_64 | 1.0.2 | 11.00 | 145.00 | 156.00 | NOTE | |
r-patched-linux-x86_64 | 1.0.2 | 14.30 | 137.25 | 151.55 | OK | |
r-release-linux-x86_64 | 1.0.2 | 11.87 | 134.07 | 145.94 | OK | |
r-release-macos-arm64 | 1.0.2 | 68.00 | OK | |||
r-release-macos-x86_64 | 1.0.2 | 101.00 | OK | |||
r-release-windows-x86_64 | 1.0.2 | 13.00 | 133.00 | 146.00 | OK | |
r-oldrel-macos-arm64 | 1.0.2 | 74.00 | OK | |||
r-oldrel-macos-x86_64 | 1.0.2 | 150.00 | OK | |||
r-oldrel-windows-x86_64 | 1.0.2 | 18.00 | 172.00 | 190.00 | OK |
Version: 1.0.2
Check: Rd cross-references
Result: NOTE
Found the following Rd file(s) with Rd \link{} targets missing package
anchors:
calcPoly.Rd: surf.gls, expcov, surf.ls, trmat
resample_grid.Rd: ahull, concaveman, inahull
Please provide package anchors for all Rd \link{} targets not in the
package itself and the base packages.
Flavors: r-devel-linux-x86_64-debian-clang, r-devel-linux-x86_64-debian-gcc, r-devel-windows-x86_64