Last updated on 2025-02-21 02:52:18 CET.
Flavor | Version | Tinstall | Tcheck | Ttotal | Status | Flags |
---|---|---|---|---|---|---|
r-devel-linux-x86_64-debian-clang | 2.1.0 | 6.92 | 104.13 | 111.05 | NOTE | |
r-devel-linux-x86_64-debian-gcc | 2.1.0 | 4.91 | 70.27 | 75.18 | NOTE | |
r-devel-linux-x86_64-fedora-clang | 2.1.0 | 180.79 | NOTE | |||
r-devel-linux-x86_64-fedora-gcc | 2.1.0 | 190.00 | NOTE | |||
r-devel-macos-arm64 | 2.1.0 | 94.00 | OK | |||
r-devel-macos-x86_64 | 2.1.0 | 162.00 | NOTE | |||
r-devel-windows-x86_64 | 2.1.0 | 10.00 | 184.00 | 194.00 | NOTE | |
r-patched-linux-x86_64 | 2.1.0 | 13.15 | 98.64 | 111.79 | OK | |
r-release-linux-x86_64 | 2.1.0 | 6.76 | 97.61 | 104.37 | OK | |
r-release-macos-arm64 | 2.1.0 | 97.00 | OK | |||
r-release-macos-x86_64 | 2.1.0 | 132.00 | OK | |||
r-release-windows-x86_64 | 2.1.0 | 11.00 | 183.00 | 194.00 | OK | |
r-oldrel-macos-arm64 | 2.1.0 | 72.00 | OK | |||
r-oldrel-macos-x86_64 | 2.1.0 | 125.00 | OK | |||
r-oldrel-windows-x86_64 | 2.1.0 | 12.00 | 212.00 | 224.00 | OK |
Version: 2.1.0
Check: DESCRIPTION meta-information
Result: NOTE
Missing dependency on R >= 4.1.0 because package code uses the pipe
|> or function shorthand \(...) syntax added in R 4.1.0.
File(s) using such syntax:
‘availableHMD.R’
Flavors: r-devel-linux-x86_64-debian-clang, r-devel-linux-x86_64-debian-gcc, r-devel-linux-x86_64-fedora-clang, r-devel-linux-x86_64-fedora-gcc, r-devel-macos-x86_64, r-devel-windows-x86_64
Version: 2.1.0
Check: Rd cross-references
Result: NOTE
Found the following Rd file(s) with Rd \link{} targets missing package
anchors:
MortalityLaw.Rd: nls.lm
Please provide package anchors for all Rd \link{} targets not in the
package itself and the base packages.
Flavors: r-devel-linux-x86_64-debian-clang, r-devel-linux-x86_64-debian-gcc, r-devel-windows-x86_64