Last updated on 2024-05-21 14:57:17 CEST.
Flavor | Version | Tinstall | Tcheck | Ttotal | Status | Flags |
---|---|---|---|---|---|---|
r-devel-linux-x86_64-debian-clang | 0.1.0 | 13.58 | 160.99 | 174.57 | OK | |
r-devel-linux-x86_64-debian-gcc | 0.1.0 | 12.45 | 117.53 | 129.98 | OK | |
r-devel-linux-x86_64-fedora-clang | 0.1.0 | 217.56 | NOTE | |||
r-devel-linux-x86_64-fedora-gcc | 0.1.0 | 214.29 | NOTE | |||
r-devel-windows-x86_64 | 0.1.0 | 14.00 | 127.00 | 141.00 | OK | |
r-patched-linux-x86_64 | 0.1.0 | 11.14 | 151.16 | 162.30 | OK | |
r-release-linux-x86_64 | 0.1.0 | 9.55 | 152.03 | 161.58 | OK | |
r-release-macos-arm64 | 0.1.0 | 67.00 | OK | |||
r-release-windows-x86_64 | 0.1.0 | 13.00 | 131.00 | 144.00 | OK | |
r-oldrel-macos-arm64 | 0.1.0 | 75.00 | OK | |||
r-oldrel-macos-x86_64 | 0.1.0 | 115.00 | OK | |||
r-oldrel-windows-x86_64 | 0.1.0 | 17.00 | 162.00 | 179.00 | OK |
Version: 0.1.0
Check: dependencies in R code
Result: NOTE
Namespace in Imports field not imported from: ‘plsgenomics’
All declared Imports should be used.
Flavors: r-devel-linux-x86_64-fedora-clang, r-devel-linux-x86_64-fedora-gcc