Last updated on 2025-02-18 02:50:43 CET.
Flavor | Version | Tinstall | Tcheck | Ttotal | Status | Flags |
---|---|---|---|---|---|---|
r-devel-linux-x86_64-debian-clang | 1.0.1 | 7.76 | 63.16 | 70.92 | OK | |
r-devel-linux-x86_64-debian-gcc | 1.0.1 | 5.97 | 47.73 | 53.70 | OK | |
r-devel-linux-x86_64-fedora-clang | 1.0.1 | 121.58 | OK | |||
r-devel-linux-x86_64-fedora-gcc | 1.0.1 | 109.05 | OK | |||
r-devel-macos-arm64 | 1.0.1 | 34.00 | OK | |||
r-devel-macos-x86_64 | 1.0.1 | 65.00 | OK | |||
r-devel-windows-x86_64 | 1.0.1 | 8.00 | 76.00 | 84.00 | OK | |
r-patched-linux-x86_64 | 1.0.1 | 6.73 | 60.46 | 67.19 | NOTE | |
r-release-linux-x86_64 | 1.0.1 | 7.09 | 60.12 | 67.21 | NOTE | |
r-release-macos-arm64 | 1.0.1 | 33.00 | NOTE | |||
r-release-macos-x86_64 | 1.0.1 | 51.00 | NOTE | |||
r-release-windows-x86_64 | 1.0.1 | 8.00 | 75.00 | 83.00 | NOTE | |
r-oldrel-macos-arm64 | 1.0.1 | 39.00 | NOTE | |||
r-oldrel-macos-x86_64 | 1.0.1 | 64.00 | NOTE | |||
r-oldrel-windows-x86_64 | 1.0.1 | 11.00 | 91.00 | 102.00 | NOTE |
Version: 1.0.1
Check: LazyData
Result: NOTE
'LazyData' is specified without a 'data' directory
Flavors: r-patched-linux-x86_64, r-release-linux-x86_64, r-release-macos-arm64, r-release-macos-x86_64, r-release-windows-x86_64, r-oldrel-macos-arm64, r-oldrel-macos-x86_64, r-oldrel-windows-x86_64