Last updated on 2025-02-20 14:51:01 CET.
Flavor | Version | Tinstall | Tcheck | Ttotal | Status | Flags |
---|---|---|---|---|---|---|
r-devel-linux-x86_64-debian-clang | 0.1.0 | 21.61 | 61.55 | 83.16 | OK | |
r-devel-linux-x86_64-debian-gcc | 0.1.0 | 17.30 | 44.85 | 62.15 | OK | |
r-devel-linux-x86_64-fedora-clang | 0.1.0 | 139.30 | NOTE | |||
r-devel-linux-x86_64-fedora-gcc | 0.1.0 | 156.17 | NOTE | |||
r-devel-macos-arm64 | 0.1.0 | 45.00 | OK | |||
r-devel-macos-x86_64 | 0.1.0 | 88.00 | OK | |||
r-devel-windows-x86_64 | 0.1.0 | 25.00 | 96.00 | 121.00 | OK | |
r-patched-linux-x86_64 | 0.1.0 | 23.75 | 58.71 | 82.46 | OK | |
r-release-linux-x86_64 | 0.1.0 | 24.84 | 58.65 | 83.49 | OK | |
r-release-macos-arm64 | 0.1.0 | 46.00 | NOTE | |||
r-release-macos-x86_64 | 0.1.0 | 68.00 | NOTE | |||
r-release-windows-x86_64 | 0.1.0 | 23.00 | 98.00 | 121.00 | OK | |
r-oldrel-macos-arm64 | 0.1.0 | 54.00 | NOTE | |||
r-oldrel-macos-x86_64 | 0.1.0 | 77.00 | NOTE | |||
r-oldrel-windows-x86_64 | 0.1.0 | 30.00 | 117.00 | 147.00 | OK |
Version: 0.1.0
Check: dependencies in R code
Result: NOTE
Namespaces in Imports field not imported from:
‘MASS’ ‘fields’ ‘mvtnorm’
All declared Imports should be used.
Flavors: r-devel-linux-x86_64-fedora-clang, r-devel-linux-x86_64-fedora-gcc
Version: 0.1.0
Check: installed package size
Result: NOTE
installed size is 6.8Mb
sub-directories of 1Mb or more:
data 1.5Mb
libs 4.4Mb
Flavors: r-release-macos-arm64, r-release-macos-x86_64, r-oldrel-macos-arm64, r-oldrel-macos-x86_64