Last updated on 2024-05-21 14:57:18 CEST.
Flavor | Version | Tinstall | Tcheck | Ttotal | Status | Flags |
---|---|---|---|---|---|---|
r-devel-linux-x86_64-debian-clang | 1.2.1 | 4.53 | 151.99 | 156.52 | OK | |
r-devel-linux-x86_64-debian-gcc | 1.2.1 | 3.75 | 94.00 | 97.75 | OK | |
r-devel-linux-x86_64-fedora-clang | 1.2.1 | 173.54 | NOTE | |||
r-devel-linux-x86_64-fedora-gcc | 1.2.1 | 177.63 | NOTE | |||
r-devel-windows-x86_64 | 1.2.1 | 5.00 | 113.00 | 118.00 | OK | |
r-patched-linux-x86_64 | 1.2.1 | 5.07 | 125.60 | 130.67 | OK | |
r-release-linux-x86_64 | 1.2.1 | 4.99 | 127.29 | 132.28 | OK | |
r-release-macos-arm64 | 1.2.1 | 107.00 | OK | |||
r-release-windows-x86_64 | 1.2.1 | 5.00 | 110.00 | 115.00 | OK | |
r-oldrel-macos-arm64 | 1.2.1 | 48.00 | OK | |||
r-oldrel-macos-x86_64 | 1.2.1 | 76.00 | OK | |||
r-oldrel-windows-x86_64 | 1.2.1 | 7.00 | 120.00 | 127.00 | OK |
Version: 1.2.1
Check: dependencies in R code
Result: NOTE
Namespaces in Imports field not imported from:
‘Rdpack’ ‘curl’ ‘mathjaxr’
All declared Imports should be used.
Flavors: r-devel-linux-x86_64-fedora-clang, r-devel-linux-x86_64-fedora-gcc