Last updated on 2025-02-20 14:51:01 CET.
Flavor | Version | Tinstall | Tcheck | Ttotal | Status | Flags |
---|---|---|---|---|---|---|
r-devel-linux-x86_64-debian-clang | 0.3.0 | 1.61 | 72.36 | 73.97 | OK | |
r-devel-linux-x86_64-debian-gcc | 0.3.0 | 1.27 | 51.56 | 52.83 | OK | |
r-devel-linux-x86_64-fedora-clang | 0.3.0 | 117.54 | NOTE | |||
r-devel-linux-x86_64-fedora-gcc | 0.3.0 | 129.35 | NOTE | |||
r-devel-macos-arm64 | 0.3.0 | 52.00 | OK | |||
r-devel-macos-x86_64 | 0.3.0 | 98.00 | OK | |||
r-devel-windows-x86_64 | 0.3.0 | 3.00 | 89.00 | 92.00 | OK | |
r-patched-linux-x86_64 | 0.3.0 | 1.85 | 67.21 | 69.06 | OK | |
r-release-linux-x86_64 | 0.3.0 | 1.62 | 67.07 | 68.69 | OK | |
r-release-macos-arm64 | 0.3.0 | 43.00 | OK | |||
r-release-macos-x86_64 | 0.3.0 | 66.00 | OK | |||
r-release-windows-x86_64 | 0.3.0 | 3.00 | 94.00 | 97.00 | OK | |
r-oldrel-macos-arm64 | 0.3.0 | 48.00 | OK | |||
r-oldrel-macos-x86_64 | 0.3.0 | 69.00 | OK | |||
r-oldrel-windows-x86_64 | 0.3.0 | 4.00 | 101.00 | 105.00 | OK |
Version: 0.3.0
Check: dependencies in R code
Result: NOTE
Namespace in Imports field not imported from: ‘tibble’
All declared Imports should be used.
Flavors: r-devel-linux-x86_64-fedora-clang, r-devel-linux-x86_64-fedora-gcc