Last updated on 2025-02-21 02:52:19 CET.
Flavor | Version | Tinstall | Tcheck | Ttotal | Status | Flags |
---|---|---|---|---|---|---|
r-devel-linux-x86_64-debian-clang | 0.1.0 | 5.18 | 132.12 | 137.30 | OK | |
r-devel-linux-x86_64-debian-gcc | 0.1.0 | 4.23 | 87.93 | 92.16 | OK | |
r-devel-linux-x86_64-fedora-clang | 0.1.0 | 213.42 | NOTE | |||
r-devel-linux-x86_64-fedora-gcc | 0.1.0 | 218.63 | NOTE | |||
r-devel-macos-arm64 | 0.1.0 | 60.00 | OK | |||
r-devel-macos-x86_64 | 0.1.0 | 161.00 | OK | |||
r-devel-windows-x86_64 | 0.1.0 | 7.00 | 126.00 | 133.00 | OK | |
r-patched-linux-x86_64 | 0.1.0 | 5.17 | 120.55 | 125.72 | OK | |
r-release-linux-x86_64 | 0.1.0 | 5.05 | 119.01 | 124.06 | OK | |
r-release-macos-arm64 | 0.1.0 | 61.00 | OK | |||
r-release-macos-x86_64 | 0.1.0 | 132.00 | OK | |||
r-release-windows-x86_64 | 0.1.0 | 7.00 | 123.00 | 130.00 | OK | |
r-oldrel-macos-arm64 | 0.1.0 | 63.00 | OK | |||
r-oldrel-macos-x86_64 | 0.1.0 | 104.00 | OK | |||
r-oldrel-windows-x86_64 | 0.1.0 | 9.00 | 153.00 | 162.00 | OK |
Version: 0.1.0
Check: dependencies in R code
Result: NOTE
Namespaces in Imports field not imported from:
‘NHSRdatasets’ ‘grid’ ‘utils’
All declared Imports should be used.
Flavors: r-devel-linux-x86_64-fedora-clang, r-devel-linux-x86_64-fedora-gcc