Last updated on 2025-02-21 02:52:19 CET.
Flavor | Version | Tinstall | Tcheck | Ttotal | Status | Flags |
---|---|---|---|---|---|---|
r-devel-linux-x86_64-debian-clang | 0.1.2 | 14.53 | 195.78 | 210.31 | OK | |
r-devel-linux-x86_64-debian-gcc | 0.1.2 | 9.96 | 122.25 | 132.21 | OK | |
r-devel-linux-x86_64-fedora-clang | 0.1.2 | 391.19 | OK | |||
r-devel-linux-x86_64-fedora-gcc | 0.1.2 | 347.17 | OK | |||
r-devel-macos-arm64 | 0.1.2 | 92.00 | OK | |||
r-devel-macos-x86_64 | 0.1.2 | 192.00 | OK | |||
r-devel-windows-x86_64 | 0.1.2 | 17.00 | 194.00 | 211.00 | OK | |
r-patched-linux-x86_64 | 0.1.2 | 14.39 | 178.53 | 192.92 | NOTE | |
r-release-linux-x86_64 | 0.1.2 | 14.99 | 177.14 | 192.13 | NOTE | |
r-release-macos-arm64 | 0.1.2 | 90.00 | NOTE | |||
r-release-macos-x86_64 | 0.1.2 | 139.00 | NOTE | |||
r-release-windows-x86_64 | 0.1.2 | 16.00 | 191.00 | 207.00 | NOTE | |
r-oldrel-macos-arm64 | 0.1.2 | 105.00 | NOTE | |||
r-oldrel-macos-x86_64 | 0.1.2 | 168.00 | NOTE | |||
r-oldrel-windows-x86_64 | 0.1.2 | 20.00 | 227.00 | 247.00 | NOTE |
Version: 0.1.2
Check: LazyData
Result: NOTE
'LazyData' is specified without a 'data' directory
Flavors: r-patched-linux-x86_64, r-release-linux-x86_64, r-release-macos-arm64, r-release-macos-x86_64, r-release-windows-x86_64, r-oldrel-macos-arm64, r-oldrel-macos-x86_64, r-oldrel-windows-x86_64