CRAN Package Check Results for Package NMI

Last updated on 2025-02-18 02:50:44 CET.

Flavor Version Tinstall Tcheck Ttotal Status Flags
r-devel-linux-x86_64-debian-clang 2.0 1.62 15.39 17.01 OK
r-devel-linux-x86_64-debian-gcc 2.0 1.30 12.85 14.15 OK
r-devel-linux-x86_64-fedora-clang 2.0 28.02 OK
r-devel-linux-x86_64-fedora-gcc 2.0 26.56 OK
r-devel-macos-arm64 2.0 15.00 OK
r-devel-macos-x86_64 2.0 23.00 OK
r-devel-windows-x86_64 2.0 3.00 34.00 37.00 OK
r-patched-linux-x86_64 2.0 1.54 14.69 16.23 NOTE
r-release-linux-x86_64 2.0 1.53 14.82 16.35 NOTE
r-release-macos-arm64 2.0 13.00 NOTE
r-release-macos-x86_64 2.0 20.00 NOTE
r-release-windows-x86_64 2.0 2.00 34.00 36.00 NOTE
r-oldrel-macos-arm64 2.0 16.00 NOTE
r-oldrel-macos-x86_64 2.0 17.00 NOTE
r-oldrel-windows-x86_64 2.0 4.00 32.00 36.00 NOTE

Check Details

Version: 2.0
Check: LazyData
Result: NOTE 'LazyData' is specified without a 'data' directory Flavors: r-patched-linux-x86_64, r-release-linux-x86_64, r-release-macos-arm64, r-release-macos-x86_64, r-release-windows-x86_64, r-oldrel-macos-arm64, r-oldrel-macos-x86_64, r-oldrel-windows-x86_64