Last updated on 2025-02-18 02:50:44 CET.
Flavor | Version | Tinstall | Tcheck | Ttotal | Status | Flags |
---|---|---|---|---|---|---|
r-devel-linux-x86_64-debian-clang | 0.29.11 | 7.93 | 68.15 | 76.08 | NOTE | |
r-devel-linux-x86_64-debian-gcc | 0.29.11 | 5.68 | 49.05 | 54.73 | NOTE | |
r-devel-linux-x86_64-fedora-clang | 0.29.11 | 125.16 | NOTE | |||
r-devel-linux-x86_64-fedora-gcc | 0.29.11 | 133.66 | NOTE | |||
r-devel-macos-arm64 | 0.29.11 | 46.00 | NOTE | |||
r-devel-macos-x86_64 | 0.29.11 | 108.00 | NOTE | |||
r-devel-windows-x86_64 | 0.29.11 | 8.00 | 80.00 | 88.00 | NOTE | |
r-patched-linux-x86_64 | 0.29.11 | 7.36 | 64.84 | 72.20 | NOTE | |
r-release-linux-x86_64 | 0.29.11 | 5.47 | 65.14 | 70.61 | NOTE | |
r-release-macos-arm64 | 0.29.11 | 39.00 | NOTE | |||
r-release-macos-x86_64 | 0.29.11 | 62.00 | NOTE | |||
r-release-windows-x86_64 | 0.29.11 | 10.00 | 81.00 | 91.00 | NOTE | |
r-oldrel-macos-arm64 | 0.29.11 | 42.00 | OK | |||
r-oldrel-macos-x86_64 | 0.29.11 | 66.00 | OK | |||
r-oldrel-windows-x86_64 | 0.29.11 | 11.00 | 92.00 | 103.00 | OK |
Version: 0.29.11
Check: Rd files
Result: NOTE
checkRd: (-1) ROCplots.Rd:35: Lost braces in \itemize; meant \describe ?
checkRd: (-1) ROCplots.Rd:36: Lost braces in \itemize; meant \describe ?
checkRd: (-1) ROCplots.Rd:37: Lost braces in \itemize; meant \describe ?
checkRd: (-1) ROCplots.Rd:38: Lost braces in \itemize; meant \describe ?
checkRd: (-1) ROCplots.Rd:39: Lost braces in \itemize; meant \describe ?
checkRd: (-1) ROCplots.Rd:40: Lost braces in \itemize; meant \describe ?
Flavors: r-devel-linux-x86_64-debian-clang, r-devel-linux-x86_64-debian-gcc, r-devel-linux-x86_64-fedora-clang, r-devel-linux-x86_64-fedora-gcc, r-devel-macos-arm64, r-devel-macos-x86_64, r-devel-windows-x86_64, r-patched-linux-x86_64, r-release-linux-x86_64, r-release-macos-arm64, r-release-macos-x86_64, r-release-windows-x86_64