CRAN Package Check Results for Package NRejections

Last updated on 2025-02-21 02:52:19 CET.

Flavor Version Tinstall Tcheck Ttotal Status Flags
r-devel-linux-x86_64-debian-clang 1.2.0 2.68 24.69 27.37 OK
r-devel-linux-x86_64-debian-gcc 1.2.0 1.90 19.38 21.28 OK
r-devel-linux-x86_64-fedora-clang 1.2.0 43.77 OK
r-devel-linux-x86_64-fedora-gcc 1.2.0 44.03 OK
r-devel-macos-arm64 1.2.0 19.00 OK
r-devel-macos-x86_64 1.2.0 28.00 OK
r-devel-windows-x86_64 1.2.0 3.00 47.00 50.00 OK
r-patched-linux-x86_64 1.2.0 2.57 23.86 26.43 NOTE
r-release-linux-x86_64 1.2.0 1.65 23.62 25.27 NOTE
r-release-macos-arm64 1.2.0 19.00 NOTE
r-release-macos-x86_64 1.2.0 25.00 NOTE
r-release-windows-x86_64 1.2.0 4.00 45.00 49.00 NOTE
r-oldrel-macos-arm64 1.2.0 18.00 NOTE
r-oldrel-macos-x86_64 1.2.0 24.00 NOTE
r-oldrel-windows-x86_64 1.2.0 4.00 47.00 51.00 NOTE

Check Details

Version: 1.2.0
Check: LazyData
Result: NOTE 'LazyData' is specified without a 'data' directory Flavors: r-patched-linux-x86_64, r-release-linux-x86_64, r-release-macos-arm64, r-release-macos-x86_64, r-release-windows-x86_64, r-oldrel-macos-arm64, r-oldrel-macos-x86_64, r-oldrel-windows-x86_64