Last updated on 2025-02-21 02:52:19 CET.
Flavor | Version | Tinstall | Tcheck | Ttotal | Status | Flags |
---|---|---|---|---|---|---|
r-devel-linux-x86_64-debian-clang | 1.1.3 | 10.32 | 72.06 | 82.38 | NOTE | |
r-devel-linux-x86_64-debian-gcc | 1.1.3 | 5.51 | 47.19 | 52.70 | NOTE | |
r-devel-linux-x86_64-fedora-clang | 1.1.3 | 139.45 | NOTE | |||
r-devel-linux-x86_64-fedora-gcc | 1.1.3 | 134.98 | NOTE | |||
r-devel-macos-arm64 | 1.1.3 | 36.00 | NOTE | |||
r-devel-macos-x86_64 | 1.1.3 | 69.00 | NOTE | |||
r-devel-windows-x86_64 | 1.1.3 | 9.00 | 89.00 | 98.00 | NOTE | |
r-patched-linux-x86_64 | 1.1.3 | 10.78 | 68.47 | 79.25 | NOTE | |
r-release-linux-x86_64 | 1.1.3 | 9.37 | 67.37 | 76.74 | NOTE | |
r-release-macos-arm64 | 1.1.3 | 35.00 | NOTE | |||
r-release-macos-x86_64 | 1.1.3 | 56.00 | NOTE | |||
r-release-windows-x86_64 | 1.1.3 | 10.00 | 87.00 | 97.00 | NOTE | |
r-oldrel-macos-arm64 | 1.1.3 | 35.00 | OK | |||
r-oldrel-macos-x86_64 | 1.1.3 | 108.00 | OK | |||
r-oldrel-windows-x86_64 | 1.1.3 | 14.00 | 118.00 | 132.00 | OK |
Version: 1.1.3
Check: Rd files
Result: NOTE
checkRd: (-1) MSM.fit.Rd:21: Lost braces
21 | \code{MSM.fit} returns an object of class code{MSM.lm} or \code{MSM.glm}, depending on the input model.
| ^
checkRd: (-1) SMC.Smooth.Rd:25: Lost braces; missing escapes or markup?
25 | observation at current time step. It should return {xx} (the samples xt) and
| ^
checkRd: (-1) SMC.Smooth.Rd:26: Lost braces; missing escapes or markup?
26 | {logww} (their corresponding log weight).}
| ^
Flavors: r-devel-linux-x86_64-debian-clang, r-devel-linux-x86_64-debian-gcc, r-devel-linux-x86_64-fedora-clang, r-devel-linux-x86_64-fedora-gcc, r-devel-macos-arm64, r-devel-macos-x86_64, r-devel-windows-x86_64, r-patched-linux-x86_64, r-release-linux-x86_64, r-release-macos-arm64, r-release-macos-x86_64, r-release-windows-x86_64
Version: 1.1.3
Check: dependencies in R code
Result: NOTE
Namespaces in Imports field not imported from:
‘MASS’ ‘Rdpack’ ‘base’ ‘graphics’ ‘parallel’
All declared Imports should be used.
Flavors: r-devel-linux-x86_64-fedora-clang, r-devel-linux-x86_64-fedora-gcc