CRAN Package Check Results for Package NUCOMBog

Last updated on 2025-02-18 02:50:44 CET.

Flavor Version Tinstall Tcheck Ttotal Status Flags
r-devel-linux-x86_64-debian-clang 1.0.4.2 2.36 25.48 27.84 OK
r-devel-linux-x86_64-debian-gcc 1.0.4.2 1.71 20.78 22.49 OK
r-devel-linux-x86_64-fedora-clang 1.0.4.2 49.20 OK
r-devel-linux-x86_64-fedora-gcc 1.0.4.2 60.58 OK
r-devel-macos-arm64 1.0.4.2 26.00 OK
r-devel-macos-x86_64 1.0.4.2 58.00 OK
r-devel-windows-x86_64 1.0.4.2 4.00 67.00 71.00 OK
r-patched-linux-x86_64 1.0.4.2 2.11 24.59 26.70 NOTE
r-release-linux-x86_64 1.0.4.2 2.00 24.85 26.85 NOTE
r-release-macos-arm64 1.0.4.2 27.00 NOTE
r-release-macos-x86_64 1.0.4.2 51.00 NOTE
r-release-windows-x86_64 1.0.4.2 4.00 72.00 76.00 NOTE
r-oldrel-macos-arm64 1.0.4.2 26.00 NOTE
r-oldrel-macos-x86_64 1.0.4.2 36.00 NOTE
r-oldrel-windows-x86_64 1.0.4.2 4.00 64.00 68.00 NOTE

Check Details

Version: 1.0.4.2
Check: LazyData
Result: NOTE 'LazyData' is specified without a 'data' directory Flavors: r-patched-linux-x86_64, r-release-linux-x86_64, r-release-macos-arm64, r-release-macos-x86_64, r-release-windows-x86_64, r-oldrel-macos-arm64, r-oldrel-macos-x86_64, r-oldrel-windows-x86_64