Last updated on 2025-02-21 02:52:19 CET.
Flavor | Version | Tinstall | Tcheck | Ttotal | Status | Flags |
---|---|---|---|---|---|---|
r-devel-linux-x86_64-debian-clang | 0.1.0 | 24.09 | 36.05 | 60.14 | OK | |
r-devel-linux-x86_64-debian-gcc | 0.1.0 | 19.27 | 27.58 | 46.85 | OK | |
r-devel-linux-x86_64-fedora-clang | 0.1.0 | 98.38 | OK | |||
r-devel-linux-x86_64-fedora-gcc | 0.1.0 | 115.47 | OK | |||
r-devel-macos-arm64 | 0.1.0 | 40.00 | OK | |||
r-devel-macos-x86_64 | 0.1.0 | 59.00 | OK | |||
r-devel-windows-x86_64 | 0.1.0 | 27.00 | 79.00 | 106.00 | OK | |
r-patched-linux-x86_64 | 0.1.0 | 24.81 | 34.48 | 59.29 | OK | |
r-release-linux-x86_64 | 0.1.0 | 23.75 | 34.01 | 57.76 | OK | |
r-release-macos-arm64 | 0.1.0 | 35.00 | NOTE | |||
r-release-macos-x86_64 | 0.1.0 | 70.00 | NOTE | |||
r-release-windows-x86_64 | 0.1.0 | 27.00 | 77.00 | 104.00 | OK | |
r-oldrel-macos-arm64 | 0.1.0 | 50.00 | NOTE | |||
r-oldrel-macos-x86_64 | 0.1.0 | 72.00 | NOTE | |||
r-oldrel-windows-x86_64 | 0.1.0 | 36.00 | 105.00 | 141.00 | OK |
Version: 0.1.0
Check: installed package size
Result: NOTE
installed size is 5.5Mb
sub-directories of 1Mb or more:
libs 4.8Mb
Flavors: r-release-macos-arm64, r-release-macos-x86_64, r-oldrel-macos-arm64, r-oldrel-macos-x86_64