Last updated on 2025-02-21 02:52:19 CET.
Flavor | Version | Tinstall | Tcheck | Ttotal | Status | Flags |
---|---|---|---|---|---|---|
r-devel-linux-x86_64-debian-clang | 0.1.0 | 2.27 | 51.49 | 53.76 | NOTE | |
r-devel-linux-x86_64-debian-gcc | 0.1.0 | 1.69 | 37.65 | 39.34 | NOTE | |
r-devel-linux-x86_64-fedora-clang | 0.1.0 | 85.91 | NOTE | |||
r-devel-linux-x86_64-fedora-gcc | 0.1.0 | 102.22 | NOTE | |||
r-devel-macos-arm64 | 0.1.0 | 35.00 | OK | |||
r-devel-macos-x86_64 | 0.1.0 | 61.00 | NOTE | |||
r-devel-windows-x86_64 | 0.1.0 | 4.00 | 65.00 | 69.00 | NOTE | |
r-patched-linux-x86_64 | 0.1.0 | 2.26 | 48.69 | 50.95 | OK | |
r-release-linux-x86_64 | 0.1.0 | 1.73 | 49.37 | 51.10 | OK | |
r-release-macos-arm64 | 0.1.0 | 37.00 | OK | |||
r-release-macos-x86_64 | 0.1.0 | 47.00 | OK | |||
r-release-windows-x86_64 | 0.1.0 | 4.00 | 66.00 | 70.00 | OK | |
r-oldrel-macos-arm64 | 0.1.0 | 29.00 | OK | |||
r-oldrel-macos-x86_64 | 0.1.0 | 61.00 | OK | |||
r-oldrel-windows-x86_64 | 0.1.0 | 4.00 | 70.00 | 74.00 | OK |
Version: 0.1.0
Check: DESCRIPTION meta-information
Result: NOTE
Missing dependency on R >= 4.1.0 because package code uses the pipe
|> or function shorthand \(...) syntax added in R 4.1.0.
File(s) using such syntax:
‘OLStraj.R’ ‘cbc_lm.R’
Flavors: r-devel-linux-x86_64-debian-clang, r-devel-linux-x86_64-debian-gcc, r-devel-linux-x86_64-fedora-clang, r-devel-linux-x86_64-fedora-gcc, r-devel-macos-x86_64, r-devel-windows-x86_64