Last updated on 2025-02-21 02:52:20 CET.
Flavor | Version | Tinstall | Tcheck | Ttotal | Status | Flags |
---|---|---|---|---|---|---|
r-devel-linux-x86_64-debian-clang | 1.0.2 | 3.14 | 41.24 | 44.38 | NOTE | |
r-devel-linux-x86_64-debian-gcc | 1.0.2 | 2.58 | 31.26 | 33.84 | NOTE | |
r-devel-linux-x86_64-fedora-clang | 1.0.2 | 71.45 | OK | |||
r-devel-linux-x86_64-fedora-gcc | 1.0.2 | 87.13 | OK | |||
r-devel-macos-arm64 | 1.0.2 | 34.00 | OK | |||
r-devel-macos-x86_64 | 1.0.2 | 54.00 | OK | |||
r-devel-windows-x86_64 | 1.0.2 | 6.00 | 64.00 | 70.00 | NOTE | |
r-patched-linux-x86_64 | 1.0.2 | 9.17 | 39.13 | 48.30 | OK | |
r-release-linux-x86_64 | 1.0.2 | 2.98 | 38.92 | 41.90 | OK | |
r-release-macos-arm64 | 1.0.2 | 40.00 | OK | |||
r-release-macos-x86_64 | 1.0.2 | 54.00 | OK | |||
r-release-windows-x86_64 | 1.0.2 | 6.00 | 62.00 | 68.00 | OK | |
r-oldrel-macos-arm64 | 1.0.2 | 32.00 | OK | |||
r-oldrel-macos-x86_64 | 1.0.2 | 43.00 | OK | |||
r-oldrel-windows-x86_64 | 1.0.2 | 7.00 | 81.00 | 88.00 | OK |
Version: 1.0.2
Check: Rd cross-references
Result: NOTE
Found the following Rd file(s) with Rd \link{} targets missing package
anchors:
join_multireader_data.Rd: bind_rows
Please provide package anchors for all Rd \link{} targets not in the
package itself and the base packages.
Flavors: r-devel-linux-x86_64-debian-clang, r-devel-linux-x86_64-debian-gcc, r-devel-windows-x86_64