Last updated on 2025-02-21 02:52:20 CET.
Flavor | Version | Tinstall | Tcheck | Ttotal | Status | Flags |
---|---|---|---|---|---|---|
r-devel-linux-x86_64-debian-clang | 0.5.20 | 33.01 | 282.05 | 315.06 | NOTE | |
r-devel-linux-x86_64-debian-gcc | 0.5.20 | 22.43 | 177.07 | 199.50 | NOTE | |
r-devel-linux-x86_64-fedora-clang | 0.5.20 | 506.67 | OK | |||
r-devel-linux-x86_64-fedora-gcc | 0.5.20 | 511.32 | OK | |||
r-devel-macos-arm64 | 0.5.20 | 107.00 | OK | |||
r-devel-macos-x86_64 | 0.5.20 | 257.00 | OK | |||
r-devel-windows-x86_64 | 0.5.20 | 30.00 | 222.00 | 252.00 | NOTE | |
r-patched-linux-x86_64 | 0.5.20 | 35.21 | 263.64 | 298.85 | OK | |
r-release-linux-x86_64 | 0.5.20 | 30.46 | 262.15 | 292.61 | OK | |
r-release-macos-arm64 | 0.5.20 | 101.00 | OK | |||
r-release-macos-x86_64 | 0.5.20 | 180.00 | OK | |||
r-release-windows-x86_64 | 0.5.20 | 29.00 | 223.00 | 252.00 | OK | |
r-oldrel-macos-arm64 | 0.5.20 | 118.00 | OK | |||
r-oldrel-macos-x86_64 | 0.5.20 | 271.00 | OK | |||
r-oldrel-windows-x86_64 | 0.5.20 | 42.00 | 312.00 | 354.00 | OK |
Version: 0.5.20
Check: Rd cross-references
Result: NOTE
Found the following Rd file(s) with Rd \link{} targets missing package
anchors:
equidistPoints.Rd: approx2
pointsMap.Rd: openmap
randomPoints.Rd: distance
Please provide package anchors for all Rd \link{} targets not in the
package itself and the base packages.
Flavors: r-devel-linux-x86_64-debian-clang, r-devel-linux-x86_64-debian-gcc, r-devel-windows-x86_64