CRAN Package Check Results for Package Omisc

Last updated on 2025-02-18 02:50:44 CET.

Flavor Version Tinstall Tcheck Ttotal Status Flags
r-devel-linux-x86_64-debian-clang 0.1.5 2.95 45.61 48.56 OK
r-devel-linux-x86_64-debian-gcc 0.1.5 2.15 32.37 34.52 OK
r-devel-linux-x86_64-fedora-clang 0.1.5 85.15 NOTE
r-devel-linux-x86_64-fedora-gcc 0.1.5 78.99 NOTE
r-devel-macos-arm64 0.1.5 26.00 OK
r-devel-macos-x86_64 0.1.5 46.00 OK
r-devel-windows-x86_64 0.1.5 5.00 74.00 79.00 OK
r-patched-linux-x86_64 0.1.5 3.34 42.88 46.22 OK
r-release-linux-x86_64 0.1.5 3.11 42.93 46.04 OK
r-release-macos-arm64 0.1.5 25.00 OK
r-release-macos-x86_64 0.1.5 37.00 OK
r-release-windows-x86_64 0.1.5 4.00 73.00 77.00 OK
r-oldrel-macos-arm64 0.1.5 25.00 OK
r-oldrel-macos-x86_64 0.1.5 41.00 OK
r-oldrel-windows-x86_64 0.1.5 5.00 105.00 110.00 OK

Check Details

Version: 0.1.5
Check: dependencies in R code
Result: NOTE Namespace in Imports field not imported from: ‘base’ All declared Imports should be used. Flavors: r-devel-linux-x86_64-fedora-clang, r-devel-linux-x86_64-fedora-gcc