Last updated on 2025-02-20 14:51:01 CET.
Flavor | Version | Tinstall | Tcheck | Ttotal | Status | Flags |
---|---|---|---|---|---|---|
r-devel-linux-x86_64-debian-clang | 0.8-9 | 204.98 | 279.25 | 484.23 | NOTE | |
r-devel-linux-x86_64-debian-gcc | 0.8-9 | 172.55 | 198.93 | 371.48 | NOTE | |
r-devel-linux-x86_64-fedora-clang | 0.8-9 | 12.03 | ERROR | |||
r-devel-linux-x86_64-fedora-gcc | 0.8-9 | 891.98 | NOTE | |||
r-devel-macos-arm64 | 0.8-9 | 199.00 | NOTE | |||
r-devel-macos-x86_64 | 0.8-9 | 376.00 | NOTE | |||
r-devel-windows-x86_64 | 0.8-9 | 178.00 | 287.00 | 465.00 | NOTE | |
r-patched-linux-x86_64 | 0.8-9 | 238.17 | 274.19 | 512.36 | NOTE | |
r-release-linux-x86_64 | 0.8-9 | 221.23 | 274.63 | 495.86 | NOTE | |
r-release-macos-arm64 | 0.8-9 | 105.00 | NOTE | |||
r-release-macos-x86_64 | 0.8-9 | 196.00 | NOTE | |||
r-release-windows-x86_64 | 0.8-9 | 177.00 | 276.00 | 453.00 | NOTE | |
r-oldrel-macos-arm64 | 0.8-9 | 149.00 | NOTE | |||
r-oldrel-macos-x86_64 | 0.8-9 | 400.00 | NOTE | |||
r-oldrel-windows-x86_64 | 0.8-9 | 249.00 | 361.00 | 610.00 | NOTE |
Version: 0.8-9
Check: Rd files
Result: NOTE
checkRd: (-1) summary.blrm_trial.Rd:20: Lost braces in \itemize; meant \describe ?
checkRd: (-1) summary.blrm_trial.Rd:21: Lost braces in \itemize; meant \describe ?
checkRd: (-1) summary.blrm_trial.Rd:22: Lost braces in \itemize; meant \describe ?
checkRd: (-1) summary.blrm_trial.Rd:23: Lost braces in \itemize; meant \describe ?
checkRd: (-1) summary.blrm_trial.Rd:24: Lost braces in \itemize; meant \describe ?
checkRd: (-1) summary.blrm_trial.Rd:25: Lost braces in \itemize; meant \describe ?
checkRd: (-1) summary.blrm_trial.Rd:26: Lost braces in \itemize; meant \describe ?
checkRd: (-1) summary.blrm_trial.Rd:27: Lost braces in \itemize; meant \describe ?
checkRd: (-1) summary.blrm_trial.Rd:28-29: Lost braces in \itemize; meant \describe ?
checkRd: (-1) summary.blrm_trial.Rd:30: Lost braces in \itemize; meant \describe ?
checkRd: (-1) summary.blrm_trial.Rd:31-33: Lost braces in \itemize; meant \describe ?
checkRd: (-1) summary.blrm_trial.Rd:34: Lost braces in \itemize; meant \describe ?
Flavors: r-devel-linux-x86_64-debian-clang, r-devel-linux-x86_64-debian-gcc, r-devel-linux-x86_64-fedora-gcc, r-devel-macos-arm64, r-devel-macos-x86_64, r-devel-windows-x86_64, r-patched-linux-x86_64, r-release-linux-x86_64, r-release-macos-arm64, r-release-macos-x86_64, r-release-windows-x86_64
Version: 0.8-9
Check: whether package can be installed
Result: ERROR
Installation failed.
Flavor: r-devel-linux-x86_64-fedora-clang
Version: 0.8-9
Check: package dependencies
Result: NOTE
Package suggested but not available for checking: ‘cmdstanr’
Flavors: r-patched-linux-x86_64, r-release-linux-x86_64, r-release-macos-arm64, r-release-macos-x86_64, r-release-windows-x86_64, r-oldrel-macos-arm64, r-oldrel-macos-x86_64, r-oldrel-windows-x86_64
Version: 0.8-9
Check: for GNU extensions in Makefiles
Result: NOTE
GNU make is a SystemRequirements.
Flavors: r-patched-linux-x86_64, r-release-linux-x86_64, r-release-macos-arm64, r-release-macos-x86_64, r-release-windows-x86_64, r-oldrel-macos-arm64, r-oldrel-macos-x86_64, r-oldrel-windows-x86_64
Version: 0.8-9
Check: installed package size
Result: NOTE
installed size is 62.8Mb
sub-directories of 1Mb or more:
libs 60.8Mb
Flavors: r-release-macos-arm64, r-release-macos-x86_64, r-oldrel-macos-arm64, r-oldrel-macos-x86_64