Last updated on 2025-02-21 02:52:20 CET.
Flavor | Version | Tinstall | Tcheck | Ttotal | Status | Flags |
---|---|---|---|---|---|---|
r-devel-linux-x86_64-debian-clang | 1.3.0 | 48.19 | 91.62 | 139.81 | OK | |
r-devel-linux-x86_64-debian-gcc | 1.3.0 | 35.30 | 63.44 | 98.74 | OK | |
r-devel-linux-x86_64-fedora-clang | 1.3.0 | 230.98 | OK | |||
r-devel-linux-x86_64-fedora-gcc | 1.3.0 | 262.27 | OK | |||
r-devel-macos-arm64 | 1.3.0 | 77.00 | OK | |||
r-devel-macos-x86_64 | 1.3.0 | 127.00 | OK | |||
r-devel-windows-x86_64 | 1.3.0 | 49.00 | 138.00 | 187.00 | OK | |
r-patched-linux-x86_64 | 1.3.0 | 54.03 | 87.22 | 141.25 | OK | |
r-release-linux-x86_64 | 1.3.0 | 49.44 | 88.08 | 137.52 | OK | |
r-release-macos-arm64 | 1.3.0 | 77.00 | NOTE | |||
r-release-macos-x86_64 | 1.3.0 | 114.00 | NOTE | |||
r-release-windows-x86_64 | 1.3.0 | 52.00 | 140.00 | 192.00 | NOTE | |
r-oldrel-macos-arm64 | 1.3.0 | 65.00 | NOTE | |||
r-oldrel-macos-x86_64 | 1.3.0 | 162.00 | NOTE | |||
r-oldrel-windows-x86_64 | 1.3.0 | 61.00 | 173.00 | 234.00 | NOTE |
Version: 1.3.0
Check: installed package size
Result: NOTE
installed size is 10.5Mb
sub-directories of 1Mb or more:
doc 2.4Mb
libs 7.1Mb
Flavors: r-release-macos-arm64, r-release-macos-x86_64, r-release-windows-x86_64, r-oldrel-macos-arm64, r-oldrel-macos-x86_64, r-oldrel-windows-x86_64