Last updated on 2025-02-21 02:52:20 CET.
Flavor | Version | Tinstall | Tcheck | Ttotal | Status | Flags |
---|---|---|---|---|---|---|
r-devel-linux-x86_64-debian-clang | 0.1.1 | 14.82 | 40.21 | 55.03 | OK | |
r-devel-linux-x86_64-debian-gcc | 0.1.1 | 11.44 | 28.14 | 39.58 | OK | |
r-devel-linux-x86_64-fedora-clang | 0.1.1 | 92.42 | OK | |||
r-devel-linux-x86_64-fedora-gcc | 0.1.1 | 93.36 | OK | |||
r-devel-macos-arm64 | 0.1.1 | 25.00 | OK | |||
r-devel-macos-x86_64 | 0.1.1 | 47.00 | OK | |||
r-devel-windows-x86_64 | 0.1.1 | 15.00 | 77.00 | 92.00 | OK | |
r-patched-linux-x86_64 | 0.1.1 | 16.03 | 37.13 | 53.16 | NOTE | |
r-release-linux-x86_64 | 0.1.1 | 14.95 | 37.74 | 52.69 | NOTE | |
r-release-macos-arm64 | 0.1.1 | 27.00 | NOTE | |||
r-release-macos-x86_64 | 0.1.1 | 41.00 | NOTE | |||
r-release-windows-x86_64 | 0.1.1 | 17.00 | 80.00 | 97.00 | NOTE | |
r-oldrel-macos-arm64 | 0.1.1 | 31.00 | NOTE | |||
r-oldrel-macos-x86_64 | 0.1.1 | 47.00 | NOTE | |||
r-oldrel-windows-x86_64 | 0.1.1 | 18.00 | 117.00 | 135.00 | NOTE |
Version: 0.1.1
Check: LazyData
Result: NOTE
'LazyData' is specified without a 'data' directory
Flavors: r-patched-linux-x86_64, r-release-linux-x86_64, r-release-macos-arm64, r-release-macos-x86_64, r-release-windows-x86_64, r-oldrel-macos-arm64, r-oldrel-macos-x86_64, r-oldrel-windows-x86_64