Last updated on 2025-02-20 14:51:02 CET.
Flavor | Version | Tinstall | Tcheck | Ttotal | Status | Flags |
---|---|---|---|---|---|---|
r-devel-linux-x86_64-debian-clang | 1.2.10 | 33.92 | 222.56 | 256.48 | NOTE | |
r-devel-linux-x86_64-debian-gcc | 1.2.10 | 20.36 | 147.55 | 167.91 | NOTE | |
r-devel-linux-x86_64-fedora-clang | 1.2.10 | 394.20 | OK | |||
r-devel-linux-x86_64-fedora-gcc | 1.2.10 | 384.45 | OK | |||
r-devel-macos-arm64 | 1.2.10 | 98.00 | OK | |||
r-devel-macos-x86_64 | 1.2.10 | 195.00 | OK | |||
r-devel-windows-x86_64 | 1.2.10 | 34.00 | 202.00 | 236.00 | NOTE | |
r-patched-linux-x86_64 | 1.2.10 | 36.12 | 194.77 | 230.89 | OK | |
r-release-linux-x86_64 | 1.2.10 | 28.93 | 194.85 | 223.78 | OK | |
r-release-macos-arm64 | 1.2.10 | 101.00 | OK | |||
r-release-macos-x86_64 | 1.2.10 | 147.00 | OK | |||
r-release-windows-x86_64 | 1.2.10 | 36.00 | 205.00 | 241.00 | OK | |
r-oldrel-macos-arm64 | 1.2.10 | 97.00 | OK | |||
r-oldrel-macos-x86_64 | 1.2.10 | 204.00 | OK | |||
r-oldrel-windows-x86_64 | 1.2.10 | 44.00 | 251.00 | 295.00 | OK |
Version: 1.2.10
Check: Rd cross-references
Result: NOTE
Found the following Rd file(s) with Rd \link{} targets missing package
anchors:
plot.PAFit_net.Rd: plot.network.default
Please provide package anchors for all Rd \link{} targets not in the
package itself and the base packages.
Flavors: r-devel-linux-x86_64-debian-clang, r-devel-linux-x86_64-debian-gcc, r-devel-windows-x86_64