Last updated on 2025-02-16 14:50:41 CET.
Flavor | Version | Tinstall | Tcheck | Ttotal | Status | Flags |
---|---|---|---|---|---|---|
r-devel-linux-x86_64-debian-clang | 0.1.9 | 112.47 | 327.19 | 439.66 | NOTE | |
r-devel-linux-x86_64-debian-gcc | 0.1.9 | 95.20 | 205.71 | 300.91 | NOTE | |
r-devel-linux-x86_64-fedora-clang | 0.1.9 | 760.92 | NOTE | |||
r-devel-linux-x86_64-fedora-gcc | 0.1.9 | 788.39 | NOTE | |||
r-devel-macos-arm64 | 0.1.9 | 163.00 | NOTE | |||
r-devel-macos-x86_64 | 0.1.9 | 411.00 | NOTE | |||
r-devel-windows-x86_64 | 0.1.9 | 118.00 | 286.00 | 404.00 | NOTE | |
r-patched-linux-x86_64 | 0.1.9 | 133.02 | 297.47 | 430.49 | NOTE | |
r-release-linux-x86_64 | 0.1.9 | 131.04 | 299.06 | 430.10 | NOTE | |
r-release-macos-arm64 | 0.1.9 | 152.00 | NOTE | |||
r-release-macos-x86_64 | 0.1.9 | 298.00 | NOTE | |||
r-release-windows-x86_64 | 0.1.9 | 118.00 | 291.00 | 409.00 | NOTE | |
r-oldrel-macos-arm64 | 0.1.9 | 192.00 | NOTE | |||
r-oldrel-macos-x86_64 | 0.1.9 | 281.00 | NOTE | |||
r-oldrel-windows-x86_64 | 0.1.9 | 157.00 | 388.00 | 545.00 | NOTE |
Version: 0.1.9
Check: C++ specification
Result: NOTE
Specified C++11: please drop specification unless essential
Flavors: r-devel-linux-x86_64-debian-clang, r-devel-linux-x86_64-debian-gcc, r-devel-linux-x86_64-fedora-clang, r-devel-linux-x86_64-fedora-gcc, r-devel-macos-arm64, r-devel-macos-x86_64, r-devel-windows-x86_64, r-patched-linux-x86_64, r-release-linux-x86_64, r-release-macos-arm64, r-release-macos-x86_64, r-release-windows-x86_64, r-oldrel-macos-arm64, r-oldrel-macos-x86_64, r-oldrel-windows-x86_64
Version: 0.1.9
Check: Rd files
Result: NOTE
checkRd: (-1) MiniBenchmarkRvsCpp.Rd:16: Lost braces in \itemize; meant \describe ?
checkRd: (-1) MiniBenchmarkRvsCpp.Rd:17: Lost braces in \itemize; meant \describe ?
checkRd: (-1) MiniBenchmarkRvsCpp.Rd:18: Lost braces in \itemize; meant \describe ?
Flavors: r-devel-linux-x86_64-debian-clang, r-devel-linux-x86_64-debian-gcc, r-devel-linux-x86_64-fedora-clang, r-devel-linux-x86_64-fedora-gcc, r-devel-macos-arm64, r-devel-macos-x86_64, r-devel-windows-x86_64, r-patched-linux-x86_64, r-release-linux-x86_64, r-release-macos-arm64, r-release-macos-x86_64, r-release-windows-x86_64
Version: 0.1.9
Check: Rd cross-references
Result: NOTE
Found the following Rd file(s) with Rd \link{} targets missing package
anchors:
BenchmarkRvsCpp.Rd: PCMApplyTransformation
MiniBenchmarkRvsCpp.Rd: PCMApplyTransformation
PCMInfoCpp.Rd: PCMPresentCoordinates
Please provide package anchors for all Rd \link{} targets not in the
package itself and the base packages.
Flavors: r-devel-linux-x86_64-debian-clang, r-devel-linux-x86_64-debian-gcc, r-devel-windows-x86_64
Version: 0.1.9
Check: installed package size
Result: NOTE
installed size is 33.1Mb
sub-directories of 1Mb or more:
libs 31.9Mb
Flavors: r-release-macos-arm64, r-release-macos-x86_64, r-oldrel-macos-arm64, r-oldrel-macos-x86_64