Last updated on 2025-02-21 02:52:20 CET.
Flavor | Version | Tinstall | Tcheck | Ttotal | Status | Flags |
---|---|---|---|---|---|---|
r-devel-linux-x86_64-debian-clang | 0.0.1 | 67.75 | 64.24 | 131.99 | OK | |
r-devel-linux-x86_64-debian-gcc | 0.0.1 | 55.73 | 53.28 | 109.01 | OK | |
r-devel-linux-x86_64-fedora-clang | 0.0.1 | 215.06 | OK | |||
r-devel-linux-x86_64-fedora-gcc | 0.0.1 | 273.79 | OK | |||
r-devel-macos-arm64 | 0.0.1 | 49.00 | OK | |||
r-devel-macos-x86_64 | 0.0.1 | 114.00 | OK | |||
r-devel-windows-x86_64 | 0.0.1 | 58.00 | 96.00 | 154.00 | OK | |
r-patched-linux-x86_64 | 0.0.1 | 71.56 | 83.74 | 155.30 | OK | |
r-release-linux-x86_64 | 0.0.1 | 76.16 | 66.01 | 142.17 | OK | |
r-release-macos-arm64 | 0.0.1 | 53.00 | NOTE | |||
r-release-macos-x86_64 | 0.0.1 | 92.00 | NOTE | |||
r-release-windows-x86_64 | 0.0.1 | 60.00 | 93.00 | 153.00 | OK | |
r-oldrel-macos-arm64 | 0.0.1 | 82.00 | NOTE | |||
r-oldrel-macos-x86_64 | 0.0.1 | 114.00 | NOTE | |||
r-oldrel-windows-x86_64 | 0.0.1 | 75.00 | 115.00 | 190.00 | OK |
Version: 0.0.1
Check: installed package size
Result: NOTE
installed size is 36.6Mb
sub-directories of 1Mb or more:
libs 36.4Mb
Flavors: r-release-macos-arm64, r-release-macos-x86_64, r-oldrel-macos-arm64, r-oldrel-macos-x86_64