Last updated on 2025-02-21 02:52:20 CET.
Flavor | Version | Tinstall | Tcheck | Ttotal | Status | Flags |
---|---|---|---|---|---|---|
r-devel-linux-x86_64-debian-clang | 0.1.0 | 9.01 | 120.39 | 129.40 | OK | |
r-devel-linux-x86_64-debian-gcc | 0.1.0 | 6.63 | 80.80 | 87.43 | OK | |
r-devel-linux-x86_64-fedora-clang | 0.1.0 | 202.34 | NOTE | |||
r-devel-linux-x86_64-fedora-gcc | 0.1.0 | 209.77 | NOTE | |||
r-devel-macos-arm64 | 0.1.0 | 63.00 | OK | |||
r-devel-macos-x86_64 | 0.1.0 | 139.00 | OK | |||
r-devel-windows-x86_64 | 0.1.0 | 10.00 | 111.00 | 121.00 | OK | |
r-patched-linux-x86_64 | 0.1.0 | 6.69 | 112.08 | 118.77 | OK | |
r-release-linux-x86_64 | 0.1.0 | 8.22 | 110.22 | 118.44 | OK | |
r-release-macos-arm64 | 0.1.0 | 56.00 | OK | |||
r-release-macos-x86_64 | 0.1.0 | 104.00 | OK | |||
r-release-windows-x86_64 | 0.1.0 | 11.00 | 111.00 | 122.00 | OK | |
r-oldrel-macos-arm64 | 0.1.0 | 63.00 | OK | |||
r-oldrel-macos-x86_64 | 0.1.0 | 106.00 | OK | |||
r-oldrel-windows-x86_64 | 0.1.0 | 14.00 | 144.00 | 158.00 | OK |
Version: 0.1.0
Check: dependencies in R code
Result: NOTE
Namespace in Imports field not imported from: ‘glmnet’
All declared Imports should be used.
Flavors: r-devel-linux-x86_64-fedora-clang, r-devel-linux-x86_64-fedora-gcc