Last updated on 2025-02-20 14:51:03 CET.
Flavor | Version | Tinstall | Tcheck | Ttotal | Status | Flags |
---|---|---|---|---|---|---|
r-devel-linux-x86_64-debian-clang | 0.11.0 | 13.52 | 294.06 | 307.58 | NOTE | |
r-devel-linux-x86_64-debian-gcc | 0.11.0 | 10.50 | 197.62 | 208.12 | NOTE | |
r-devel-linux-x86_64-fedora-clang | 0.11.0 | 491.15 | NOTE | |||
r-devel-linux-x86_64-fedora-gcc | 0.11.0 | 499.53 | NOTE | |||
r-devel-macos-arm64 | 0.11.0 | 138.00 | OK | |||
r-devel-macos-x86_64 | 0.11.0 | 279.00 | NOTE | |||
r-devel-windows-x86_64 | 0.11.0 | 19.00 | 294.00 | 313.00 | NOTE | |
r-patched-linux-x86_64 | 0.11.0 | 16.60 | 270.59 | 287.19 | OK | |
r-release-linux-x86_64 | 0.11.0 | 15.54 | 270.52 | 286.06 | OK | |
r-release-macos-arm64 | 0.11.0 | 138.00 | OK | |||
r-release-macos-x86_64 | 0.11.0 | 355.00 | OK | |||
r-release-windows-x86_64 | 0.11.0 | 19.00 | 275.00 | 294.00 | OK | |
r-oldrel-macos-arm64 | 0.11.0 | 143.00 | OK | |||
r-oldrel-macos-x86_64 | 0.11.0 | 237.00 | OK | |||
r-oldrel-windows-x86_64 | 0.11.0 | 24.00 | 338.00 | 362.00 | OK |
Version: 0.11.0
Check: DESCRIPTION meta-information
Result: NOTE
Missing dependency on R >= 4.1.0 because package code uses the pipe
|> or function shorthand \(...) syntax added in R 4.1.0.
File(s) using such syntax:
‘class-summary_PKNCAresults.R’
Flavors: r-devel-linux-x86_64-debian-clang, r-devel-linux-x86_64-debian-gcc, r-devel-linux-x86_64-fedora-clang, r-devel-linux-x86_64-fedora-gcc, r-devel-macos-x86_64, r-devel-windows-x86_64