CRAN Package Check Results for Package PLSiMCpp

Last updated on 2025-02-18 02:50:45 CET.

Flavor Version Tinstall Tcheck Ttotal Status Flags
r-devel-linux-x86_64-debian-clang 1.0.4 32.75 49.37 82.12 NOTE
r-devel-linux-x86_64-debian-gcc 1.0.4 28.85 34.78 63.63 NOTE
r-devel-linux-x86_64-fedora-clang 1.0.4 153.10 NOTE
r-devel-linux-x86_64-fedora-gcc 1.0.4 153.23 NOTE
r-devel-macos-arm64 1.0.4 44.00 NOTE
r-devel-macos-x86_64 1.0.4 81.00 NOTE
r-devel-windows-x86_64 1.0.4 39.00 86.00 125.00 NOTE
r-patched-linux-x86_64 1.0.4 37.05 45.73 82.78 NOTE
r-release-linux-x86_64 1.0.4 36.61 45.48 82.09 NOTE
r-release-macos-arm64 1.0.4 42.00 NOTE
r-release-macos-x86_64 1.0.4 68.00 NOTE
r-release-windows-x86_64 1.0.4 38.00 85.00 123.00 NOTE
r-oldrel-macos-arm64 1.0.4 47.00 NOTE
r-oldrel-macos-x86_64 1.0.4 77.00 NOTE
r-oldrel-windows-x86_64 1.0.4 49.00 129.00 178.00 NOTE

Check Details

Version: 1.0.4
Check: C++ specification
Result: NOTE Specified C++11: please drop specification unless essential Flavors: r-devel-linux-x86_64-debian-clang, r-devel-linux-x86_64-debian-gcc, r-devel-linux-x86_64-fedora-clang, r-devel-linux-x86_64-fedora-gcc, r-devel-macos-arm64, r-devel-macos-x86_64, r-devel-windows-x86_64, r-patched-linux-x86_64, r-release-linux-x86_64, r-release-macos-arm64, r-release-macos-x86_64, r-release-windows-x86_64, r-oldrel-macos-arm64, r-oldrel-macos-x86_64, r-oldrel-windows-x86_64

Version: 1.0.4
Check: installed package size
Result: NOTE installed size is 5.3Mb sub-directories of 1Mb or more: libs 5.1Mb Flavors: r-release-macos-arm64, r-release-macos-x86_64, r-oldrel-macos-arm64, r-oldrel-macos-x86_64