CRAN Package Check Results for Package PNWColors

Last updated on 2025-02-18 02:50:45 CET.

Flavor Version Tinstall Tcheck Ttotal Status Flags
r-devel-linux-x86_64-debian-clang 0.1.0 1.58 15.95 17.53 OK
r-devel-linux-x86_64-debian-gcc 0.1.0 1.25 13.31 14.56 OK
r-devel-linux-x86_64-fedora-clang 0.1.0 29.86 OK
r-devel-linux-x86_64-fedora-gcc 0.1.0 27.18 OK
r-devel-macos-arm64 0.1.0 13.00 OK
r-devel-macos-x86_64 0.1.0 21.00 OK
r-devel-windows-x86_64 0.1.0 2.00 38.00 40.00 OK
r-patched-linux-x86_64 0.1.0 1.55 15.26 16.81 NOTE
r-release-linux-x86_64 0.1.0 1.49 15.36 16.85 NOTE
r-release-macos-arm64 0.1.0 14.00 NOTE
r-release-macos-x86_64 0.1.0 19.00 NOTE
r-release-windows-x86_64 0.1.0 3.00 37.00 40.00 NOTE
r-oldrel-macos-arm64 0.1.0 14.00 NOTE
r-oldrel-macos-x86_64 0.1.0 18.00 NOTE
r-oldrel-windows-x86_64 0.1.0 2.00 38.00 40.00 NOTE

Check Details

Version: 0.1.0
Check: LazyData
Result: NOTE 'LazyData' is specified without a 'data' directory Flavors: r-patched-linux-x86_64, r-release-linux-x86_64, r-release-macos-arm64, r-release-macos-x86_64, r-release-windows-x86_64, r-oldrel-macos-arm64, r-oldrel-macos-x86_64, r-oldrel-windows-x86_64