Last updated on 2025-05-10 14:52:28 CEST.
Flavor | Version | Tinstall | Tcheck | Ttotal | Status | Flags |
---|---|---|---|---|---|---|
r-devel-linux-x86_64-debian-clang | 1.0 | 33.61 | 22.82 | 56.43 | NOTE | |
r-devel-linux-x86_64-debian-gcc | 1.0 | 27.96 | 18.61 | 46.57 | NOTE | |
r-devel-linux-x86_64-fedora-clang | 1.0 | 109.10 | NOTE | |||
r-devel-linux-x86_64-fedora-gcc | 1.0 | 119.72 | NOTE | |||
r-devel-windows-x86_64 | 1.0 | 44.00 | 62.00 | 106.00 | NOTE | |
r-patched-linux-x86_64 | 1.0 | 39.90 | 21.67 | 61.57 | NOTE | |
r-release-linux-x86_64 | 1.0 | 40.96 | 21.51 | 62.47 | NOTE | |
r-release-macos-arm64 | 1.0 | 33.00 | NOTE | |||
r-release-macos-x86_64 | 1.0 | 48.00 | NOTE | |||
r-release-windows-x86_64 | 1.0 | 43.00 | 63.00 | 106.00 | NOTE | |
r-oldrel-macos-arm64 | 1.0 | 32.00 | NOTE | |||
r-oldrel-macos-x86_64 | 1.0 | 52.00 | NOTE | |||
r-oldrel-windows-x86_64 | 1.0 | 51.00 | 74.00 | 125.00 | NOTE |
Version: 1.0
Check: C++ specification
Result: NOTE
Specified C++11: please drop specification unless essential
Flavors: r-devel-linux-x86_64-debian-clang, r-devel-linux-x86_64-debian-gcc, r-devel-linux-x86_64-fedora-clang, r-devel-linux-x86_64-fedora-gcc, r-devel-windows-x86_64, r-patched-linux-x86_64, r-release-linux-x86_64, r-release-macos-arm64, r-release-macos-x86_64, r-release-windows-x86_64, r-oldrel-macos-arm64, r-oldrel-macos-x86_64, r-oldrel-windows-x86_64