Last updated on 2024-05-21 14:57:20 CEST.
Flavor | Version | Tinstall | Tcheck | Ttotal | Status | Flags |
---|---|---|---|---|---|---|
r-devel-linux-x86_64-debian-clang | 0.1.0 | 0.93 | 1.89 | 2.82 | ERROR | |
r-devel-linux-x86_64-debian-gcc | 0.1.0 | 4.80 | 16.73 | 21.53 | OK | |
r-devel-linux-x86_64-fedora-clang | 0.1.0 | 3.22 | ERROR | |||
r-devel-linux-x86_64-fedora-gcc | 0.1.0 | 35.32 | OK | |||
r-devel-windows-x86_64 | 0.1.0 | 8.00 | 41.00 | 49.00 | OK | |
r-patched-linux-x86_64 | 0.1.0 | 5.79 | 20.85 | 26.64 | OK | |
r-release-linux-x86_64 | 0.1.0 | 6.68 | 21.25 | 27.93 | OK | |
r-release-macos-arm64 | 0.1.0 | 19.00 | OK | |||
r-release-windows-x86_64 | 0.1.0 | 7.00 | 40.00 | 47.00 | OK | |
r-oldrel-macos-arm64 | 0.1.0 | 22.00 | OK | |||
r-oldrel-macos-x86_64 | 0.1.0 | 40.00 | OK | |||
r-oldrel-windows-x86_64 | 0.1.0 | 11.00 | 40.00 | 51.00 | OK |
Version: 0.1.0
Check: whether package can be installed
Result: ERROR
Installation failed.
Flavors: r-devel-linux-x86_64-debian-clang, r-devel-linux-x86_64-fedora-clang